Last updated on 2023-03-29 07:55:27 CEST.
Flavor | Version | Tinstall | Tcheck | Ttotal | Status | Flags |
---|---|---|---|---|---|---|
r-devel-linux-x86_64-debian-clang | 0.2.0 | 2.84 | 36.40 | 39.24 | OK | |
r-devel-linux-x86_64-debian-gcc | 0.2.0 | 2.67 | 28.41 | 31.08 | OK | |
r-devel-linux-x86_64-fedora-clang | 0.2.0 | 50.19 | OK | |||
r-devel-linux-x86_64-fedora-gcc | 0.2.0 | 59.06 | OK | |||
r-devel-windows-x86_64 | 0.2.0 | 25.00 | 0.00 | 25.00 | WARN | |
r-patched-linux-x86_64 | 0.2.0 | 2.85 | 36.06 | 38.91 | OK | |
r-release-linux-x86_64 | 0.2.0 | 3.12 | 37.02 | 40.14 | OK | |
r-release-macos-arm64 | 0.2.0 | 21.00 | OK | |||
r-release-macos-x86_64 | 0.2.0 | 30.00 | OK | |||
r-release-windows-x86_64 | 0.2.0 | 29.00 | 66.00 | 95.00 | OK | |
r-oldrel-macos-arm64 | 0.2.0 | 25.00 | OK | |||
r-oldrel-macos-x86_64 | 0.2.0 | 29.00 | OK | |||
r-oldrel-windows-ix86+x86_64 | 0.2.0 | 10.00 | 74.00 | 84.00 | OK |
Version: 0.2.0
Check: whether package can be installed
Result: WARN
Found the following significant warnings:
print_address.c:11:27: warning: format '%p' expects argument of type 'void *', but argument 4 has type 'SEXP' {aka 'struct SEXPREC *'} [-Wformat=]
See 'd:/Rcompile/CRANpkg/local/4.3/oops.Rcheck/00install.out' for details.
* used C compiler: 'gcc.exe (GCC) 12.2.0'
Flavor: r-devel-windows-x86_64