CRAN Package Check Results for Package ondisc

Last updated on 2023-02-04 08:01:22 CET.

Flavor Version Tinstall Tcheck Ttotal Status Flags
r-devel-linux-x86_64-debian-clang 1.0.0 46.40 89.40 135.80 NOTE
r-devel-linux-x86_64-debian-gcc 1.0.0 34.14 62.20 96.34 NOTE
r-devel-linux-x86_64-fedora-clang 1.0.0 184.74 NOTE
r-devel-linux-x86_64-fedora-gcc 1.0.0 176.17 NOTE
r-devel-windows-x86_64 1.0.0 70.00 136.00 206.00 NOTE
r-patched-linux-x86_64 1.0.0 38.59 84.90 123.49 NOTE
r-release-linux-x86_64 1.0.0 33.90 81.59 115.49 NOTE
r-release-macos-arm64 1.0.0 51.00 NOTE
r-release-macos-x86_64 1.0.0 89.00 NOTE
r-release-windows-x86_64 1.0.0 75.00 158.00 233.00 NOTE
r-oldrel-macos-arm64 1.0.0 46.00 NOTE
r-oldrel-macos-x86_64 1.0.0 109.00 NOTE
r-oldrel-windows-ix86+x86_64 1.0.0 111.00 208.00 319.00 NOTE

Check Details

Version: 1.0.0
Check: LazyData
Result: NOTE
     'LazyData' is specified without a 'data' directory
Flavors: r-devel-linux-x86_64-debian-clang, r-devel-linux-x86_64-debian-gcc, r-devel-linux-x86_64-fedora-clang, r-devel-linux-x86_64-fedora-gcc, r-devel-windows-x86_64, r-patched-linux-x86_64, r-release-linux-x86_64, r-release-macos-arm64, r-release-macos-x86_64, r-release-windows-x86_64, r-oldrel-macos-arm64, r-oldrel-macos-x86_64, r-oldrel-windows-ix86+x86_64

Version: 1.0.0
Check: for GNU extensions in Makefiles
Result: NOTE
    GNU make is a SystemRequirements.
Flavors: r-devel-linux-x86_64-debian-clang, r-devel-linux-x86_64-debian-gcc, r-devel-linux-x86_64-fedora-clang, r-devel-linux-x86_64-fedora-gcc, r-devel-windows-x86_64, r-patched-linux-x86_64, r-release-linux-x86_64, r-release-macos-arm64, r-release-macos-x86_64, r-release-windows-x86_64, r-oldrel-macos-arm64, r-oldrel-macos-x86_64, r-oldrel-windows-ix86+x86_64

Version: 1.0.0
Check: installed package size
Result: NOTE
     installed size is 5.5Mb
     sub-directories of 1Mb or more:
     libs 4.3Mb
Flavors: r-devel-linux-x86_64-fedora-clang, r-devel-windows-x86_64, r-release-macos-arm64, r-release-macos-x86_64, r-release-windows-x86_64, r-oldrel-macos-arm64, r-oldrel-macos-x86_64, r-oldrel-windows-ix86+x86_64