Last updated on 2023-01-31 07:54:19 CET.
Flavor | Version | Tinstall | Tcheck | Ttotal | Status | Flags |
---|---|---|---|---|---|---|
r-devel-linux-x86_64-debian-clang | 0.2 | 57.89 | 653.53 | 711.42 | OK | |
r-devel-linux-x86_64-debian-gcc | 0.2 | 50.42 | 491.28 | 541.70 | OK | |
r-devel-linux-x86_64-fedora-clang | 0.2 | 893.00 | NOTE | |||
r-devel-linux-x86_64-fedora-gcc | 0.2 | 909.11 | NOTE | |||
r-devel-windows-x86_64 | 0.2 | 64.00 | 618.00 | 682.00 | OK | |
r-patched-linux-x86_64 | 0.2 | 51.58 | 604.60 | 656.18 | OK | |
r-release-linux-x86_64 | 0.2 | 56.21 | 539.27 | 595.48 | OK | |
r-release-macos-arm64 | 0.2 | 195.00 | NOTE | |||
r-release-macos-x86_64 | 0.2 | 324.00 | NOTE | |||
r-release-windows-x86_64 | 0.2 | 65.00 | 552.00 | 617.00 | OK | |
r-oldrel-macos-arm64 | 0.2 | 227.00 | NOTE | |||
r-oldrel-macos-x86_64 | 0.2 | 267.00 | NOTE | |||
r-oldrel-windows-ix86+x86_64 | 0.2 | 123.00 | 600.00 | 723.00 | OK |
Version: 0.2
Check: dependencies in R code
Result: NOTE
Namespaces in Imports field not imported from:
‘gdata’ ‘genefilter’ ‘maftools’ ‘readxl’
All declared Imports should be used.
Flavors: r-devel-linux-x86_64-fedora-clang, r-devel-linux-x86_64-fedora-gcc, r-release-macos-arm64, r-release-macos-x86_64, r-oldrel-macos-arm64, r-oldrel-macos-x86_64