Last updated on 2023-01-27 07:50:39 CET.
Flavor | Version | Tinstall | Tcheck | Ttotal | Status | Flags |
---|---|---|---|---|---|---|
r-devel-linux-x86_64-debian-clang | 0.1.0 | 10.54 | 41.49 | 52.03 | NOTE | |
r-devel-linux-x86_64-debian-gcc | 0.1.0 | 8.19 | 31.96 | 40.15 | NOTE | |
r-devel-linux-x86_64-fedora-clang | 0.1.0 | 73.94 | NOTE | |||
r-devel-linux-x86_64-fedora-gcc | 0.1.0 | 67.88 | NOTE | |||
r-patched-linux-x86_64 | 0.1.0 | 11.67 | 39.45 | 51.12 | NOTE | |
r-release-linux-x86_64 | 0.1.0 | 11.65 | 38.67 | 50.32 | NOTE | |
r-release-macos-arm64 | 0.1.0 | 25.00 | NOTE | |||
r-release-macos-x86_64 | 0.1.0 | 41.00 | NOTE | |||
r-release-windows-x86_64 | 0.1.0 | 38.00 | 69.00 | 107.00 | NOTE | |
r-oldrel-macos-arm64 | 0.1.0 | 29.00 | NOTE | |||
r-oldrel-macos-x86_64 | 0.1.0 | 43.00 | NOTE | |||
r-oldrel-windows-ix86+x86_64 | 0.1.0 | 19.00 | 66.00 | 85.00 | NOTE |
Version: 0.1.0
Check: LazyData
Result: NOTE
'LazyData' is specified without a 'data' directory
Flavors: r-devel-linux-x86_64-debian-clang, r-devel-linux-x86_64-debian-gcc, r-devel-linux-x86_64-fedora-clang, r-devel-linux-x86_64-fedora-gcc, r-patched-linux-x86_64, r-release-linux-x86_64, r-release-macos-arm64, r-release-macos-x86_64, r-release-windows-x86_64, r-oldrel-macos-arm64, r-oldrel-macos-x86_64, r-oldrel-windows-ix86+x86_64
Version: 0.1.0
Check: dependencies in R code
Result: NOTE
Namespace in Imports field not imported from: ‘gt’
All declared Imports should be used.
Flavors: r-devel-linux-x86_64-fedora-clang, r-devel-linux-x86_64-fedora-gcc, r-release-macos-arm64, r-release-macos-x86_64, r-oldrel-macos-arm64, r-oldrel-macos-x86_64