Last updated on 2023-02-02 06:55:00 CET.
Flavor | Version | Tinstall | Tcheck | Ttotal | Status | Flags |
---|---|---|---|---|---|---|
r-devel-linux-x86_64-debian-clang | 0.1.2 | 4.17 | 79.41 | 83.58 | NOTE | |
r-devel-linux-x86_64-debian-gcc | 0.1.2 | 3.02 | 58.75 | 61.77 | NOTE | |
r-devel-linux-x86_64-fedora-clang | 0.1.2 | 95.60 | NOTE | |||
r-devel-linux-x86_64-fedora-gcc | 0.1.2 | 103.49 | NOTE | |||
r-devel-windows-x86_64 | 0.1.2 | 13.00 | 1157.00 | 1170.00 | NOTE | |
r-patched-linux-x86_64 | 0.1.2 | 3.71 | 77.20 | 80.91 | NOTE | |
r-release-linux-x86_64 | 0.1.2 | 3.72 | 79.88 | 83.60 | NOTE | |
r-release-macos-arm64 | 0.1.2 | 1051.00 | NOTE | |||
r-release-macos-x86_64 | 0.1.2 | 1110.00 | NOTE | |||
r-release-windows-x86_64 | 0.1.2 | 12.00 | 1166.00 | 1178.00 | NOTE | |
r-oldrel-macos-arm64 | 0.1.2 | 947.00 | NOTE | |||
r-oldrel-macos-x86_64 | 0.1.2 | 973.00 | NOTE | |||
r-oldrel-windows-ix86+x86_64 | 0.1.2 | 9.00 | 1031.00 | 1040.00 | NOTE |
Version: 0.1.2
Check: LazyData
Result: NOTE
'LazyData' is specified without a 'data' directory
Flavors: r-devel-linux-x86_64-debian-clang, r-devel-linux-x86_64-debian-gcc, r-devel-linux-x86_64-fedora-clang, r-devel-linux-x86_64-fedora-gcc, r-devel-windows-x86_64, r-patched-linux-x86_64, r-release-linux-x86_64, r-release-macos-arm64, r-release-macos-x86_64, r-release-windows-x86_64, r-oldrel-macos-arm64, r-oldrel-macos-x86_64, r-oldrel-windows-ix86+x86_64