Last updated on 2023-01-30 09:54:19 CET.
Flavor | Version | Tinstall | Tcheck | Ttotal | Status | Flags |
---|---|---|---|---|---|---|
r-devel-linux-x86_64-debian-clang | 0.0.4 | 28.14 | 38.86 | 67.00 | NOTE | |
r-devel-linux-x86_64-debian-gcc | 0.0.4 | 19.64 | 30.24 | 49.88 | NOTE | |
r-devel-linux-x86_64-fedora-clang | 0.0.4 | 90.18 | NOTE | |||
r-devel-linux-x86_64-fedora-gcc | 0.0.4 | 92.55 | NOTE | |||
r-devel-windows-x86_64 | 0.0.4 | 68.00 | 88.00 | 156.00 | NOTE | |
r-patched-linux-x86_64 | 0.0.4 | 22.62 | 38.40 | 61.02 | NOTE | |
r-release-linux-x86_64 | 0.0.4 | 20.26 | 38.00 | 58.26 | NOTE | |
r-release-macos-arm64 | 0.0.4 | 27.00 | NOTE | |||
r-release-macos-x86_64 | 0.0.4 | 38.00 | NOTE | |||
r-release-windows-x86_64 | 0.0.4 | 45.00 | 98.00 | 143.00 | NOTE | |
r-oldrel-macos-arm64 | 0.0.4 | 32.00 | NOTE | |||
r-oldrel-macos-x86_64 | 0.0.4 | 40.00 | NOTE | |||
r-oldrel-windows-ix86+x86_64 | 0.0.4 | 54.00 | 86.00 | 140.00 | NOTE |
Version: 0.0.4
Check: LazyData
Result: NOTE
'LazyData' is specified without a 'data' directory
Flavors: r-devel-linux-x86_64-debian-clang, r-devel-linux-x86_64-debian-gcc, r-devel-linux-x86_64-fedora-clang, r-devel-linux-x86_64-fedora-gcc, r-devel-windows-x86_64, r-patched-linux-x86_64, r-release-linux-x86_64, r-release-macos-arm64, r-release-macos-x86_64, r-release-windows-x86_64, r-oldrel-macos-arm64, r-oldrel-macos-x86_64, r-oldrel-windows-ix86+x86_64