CRAN Package Check Results for Package odeGUTS

Last updated on 2023-01-29 07:56:10 CET.

Flavor Version Tinstall Tcheck Ttotal Status Flags
r-devel-linux-x86_64-debian-clang 1.0.1 3.89 29.69 33.58 WARN
r-devel-linux-x86_64-debian-gcc 1.0.1 2.91 23.33 26.24 WARN
r-devel-linux-x86_64-fedora-clang 1.0.1 42.05 WARN
r-devel-linux-x86_64-fedora-gcc 1.0.1 40.87 WARN
r-devel-windows-x86_64 1.0.1 8.00 62.00 70.00 OK
r-patched-linux-x86_64 1.0.1 3.09 29.29 32.38 OK
r-release-linux-x86_64 1.0.1 3.37 29.82 33.19 OK
r-release-macos-arm64 1.0.1 18.00 OK
r-release-macos-x86_64 1.0.1 31.00 NOTE
r-release-windows-x86_64 1.0.1 15.00 59.00 74.00 OK
r-oldrel-macos-arm64 1.0.1 22.00 NOTE
r-oldrel-macos-x86_64 1.0.1 26.00 OK
r-oldrel-windows-ix86+x86_64 1.0.1 12.00 66.00 78.00 OK

Check Details

Version: 1.0.1
Check: whether package can be installed
Result: WARN
    Found the following significant warnings:
     gutsRedIT.c:34:17: warning: a function declaration without a prototype is deprecated in all versions of C [-Wstrict-prototypes]
     gutsRedIT.c:58:20: warning: a function declaration without a prototype is deprecated in all versions of C [-Wstrict-prototypes]
     gutsRedSD.c:36:17: warning: a function declaration without a prototype is deprecated in all versions of C [-Wstrict-prototypes]
     gutsRedSD.c:64:20: warning: a function declaration without a prototype is deprecated in all versions of C [-Wstrict-prototypes]
     odeGUTS_init.c:5:27: warning: a function declaration without a prototype is deprecated in all versions of C [-Wstrict-prototypes]
     odeGUTS_init.c:6:27: warning: a function declaration without a prototype is deprecated in all versions of C [-Wstrict-prototypes]
    See ‘/home/hornik/tmp/R.check/r-devel-clang/Work/PKGS/odeGUTS.Rcheck/00install.out’ for details.
    * used C compiler: ‘Debian clang version 15.0.6’
Flavor: r-devel-linux-x86_64-debian-clang

Version: 1.0.1
Check: whether package can be installed
Result: WARN
    Found the following significant warnings:
     gutsRedIT.c:34:3: warning: function declaration isn’t a prototype [-Wstrict-prototypes]
     gutsRedIT.c:58:6: warning: function declaration isn’t a prototype [-Wstrict-prototypes]
     gutsRedSD.c:36:3: warning: function declaration isn’t a prototype [-Wstrict-prototypes]
     gutsRedSD.c:64:6: warning: function declaration isn’t a prototype [-Wstrict-prototypes]
     odeGUTS_init.c:5:1: warning: function declaration isn’t a prototype [-Wstrict-prototypes]
     odeGUTS_init.c:6:1: warning: function declaration isn’t a prototype [-Wstrict-prototypes]
    See ‘/home/hornik/tmp/R.check/r-devel-gcc/Work/PKGS/odeGUTS.Rcheck/00install.out’ for details.
    * used C compiler: ‘gcc-12 (Debian 12.2.0-14) 12.2.0’
Flavor: r-devel-linux-x86_64-debian-gcc

Version: 1.0.1
Check: whether package can be installed
Result: WARN
    Found the following significant warnings:
     gutsRedIT.c:34:17: warning: a function declaration without a prototype is deprecated in all versions of C [-Wstrict-prototypes]
     gutsRedIT.c:58:20: warning: a function declaration without a prototype is deprecated in all versions of C [-Wstrict-prototypes]
     gutsRedSD.c:36:17: warning: a function declaration without a prototype is deprecated in all versions of C [-Wstrict-prototypes]
     gutsRedSD.c:64:20: warning: a function declaration without a prototype is deprecated in all versions of C [-Wstrict-prototypes]
     odeGUTS_init.c:5:27: warning: a function declaration without a prototype is deprecated in all versions of C [-Wstrict-prototypes]
     odeGUTS_init.c:6:27: warning: a function declaration without a prototype is deprecated in all versions of C [-Wstrict-prototypes]
    See ‘/data/gannet/ripley/R/packages/tests-clang/odeGUTS.Rcheck/00install.out’ for details.
    * used C compiler: ‘clang version 15.0.6’
Flavor: r-devel-linux-x86_64-fedora-clang

Version: 1.0.1
Check: whether package can be installed
Result: WARN
    Found the following significant warnings:
     gutsRedIT.c:34:3: warning: function declaration isn’t a prototype [-Wstrict-prototypes]
     gutsRedIT.c:58:6: warning: function declaration isn’t a prototype [-Wstrict-prototypes]
     gutsRedSD.c:36:3: warning: function declaration isn’t a prototype [-Wstrict-prototypes]
     gutsRedSD.c:64:6: warning: function declaration isn’t a prototype [-Wstrict-prototypes]
     odeGUTS_init.c:5:1: warning: function declaration isn’t a prototype [-Wstrict-prototypes]
     odeGUTS_init.c:6:1: warning: function declaration isn’t a prototype [-Wstrict-prototypes]
    See ‘/data/gannet/ripley/R/packages/tests-devel/odeGUTS.Rcheck/00install.out’ for details.
    * used C compiler: ‘gcc (GCC) 12.2.1 20221121 (Red Hat 12.2.1-4)’
Flavor: r-devel-linux-x86_64-fedora-gcc

Version: 1.0.1
Check: package dependencies
Result: NOTE
    Package suggested but not available for checking: ‘morse’
Flavors: r-release-macos-x86_64, r-oldrel-macos-arm64