Last updated on 2025-01-19 08:49:13 CET.
Flavor | Version | Tinstall | Tcheck | Ttotal | Status | Flags |
---|---|---|---|---|---|---|
r-devel-linux-x86_64-debian-clang | 0.1.1 | 3.32 | 154.87 | 158.19 | NOTE | |
r-devel-linux-x86_64-debian-gcc | 0.1.1 | 2.37 | 100.89 | 103.26 | NOTE | |
r-devel-linux-x86_64-fedora-clang | 0.1.1 | 265.16 | NOTE | |||
r-devel-linux-x86_64-fedora-gcc | 0.1.1 | 269.82 | NOTE | |||
r-devel-windows-x86_64 | 0.1.1 | 4.00 | 155.00 | 159.00 | NOTE | |
r-patched-linux-x86_64 | 0.1.1 | 3.69 | 144.65 | 148.34 | NOTE | |
r-release-linux-x86_64 | 0.1.1 | 3.05 | 147.83 | 150.88 | NOTE | |
r-release-macos-arm64 | 0.1.1 | 61.00 | NOTE | |||
r-release-macos-x86_64 | 0.1.1 | 104.00 | NOTE | |||
r-release-windows-x86_64 | 0.1.1 | 5.00 | 152.00 | 157.00 | NOTE | |
r-oldrel-macos-arm64 | 0.1.1 | 64.00 | OK | |||
r-oldrel-macos-x86_64 | 0.1.1 | 119.00 | OK | |||
r-oldrel-windows-x86_64 | 0.1.1 | 6.00 | 186.00 | 192.00 | OK |
Version: 0.1.1
Check: Rd files
Result: NOTE
checkRd: (-1) onlineCPD.Rd:35: Lost braces
35 | function(x, lambda){const_hazard(x, lambda=100)}
| ^
Flavors: r-devel-linux-x86_64-debian-clang, r-devel-linux-x86_64-debian-gcc, r-devel-linux-x86_64-fedora-clang, r-devel-linux-x86_64-fedora-gcc, r-devel-windows-x86_64, r-patched-linux-x86_64, r-release-linux-x86_64, r-release-macos-arm64, r-release-macos-x86_64, r-release-windows-x86_64