Last updated on 2023-01-28 08:00:41 CET.
Flavor | Version | Tinstall | Tcheck | Ttotal | Status | Flags |
---|---|---|---|---|---|---|
r-devel-linux-x86_64-debian-clang | 0.2.1 | 3.08 | 33.71 | 36.79 | NOTE | |
r-devel-linux-x86_64-debian-gcc | 0.2.1 | 2.45 | 27.00 | 29.45 | NOTE | |
r-devel-linux-x86_64-fedora-clang | 0.2.1 | 45.81 | NOTE | |||
r-devel-linux-x86_64-fedora-gcc | 0.2.1 | 55.83 | NOTE | |||
r-patched-linux-x86_64 | 0.2.1 | 2.98 | 34.11 | 37.09 | NOTE | |
r-release-linux-x86_64 | 0.2.1 | 2.98 | 34.03 | 37.01 | NOTE | |
r-release-macos-arm64 | 0.2.1 | 22.00 | NOTE | |||
r-release-macos-x86_64 | 0.2.1 | 36.00 | NOTE | |||
r-release-windows-x86_64 | 0.2.1 | 24.00 | 65.00 | 89.00 | NOTE | |
r-oldrel-macos-arm64 | 0.2.1 | 27.00 | NOTE | |||
r-oldrel-macos-x86_64 | 0.2.1 | 35.00 | NOTE | |||
r-oldrel-windows-ix86+x86_64 | 0.2.1 | 9.00 | 62.00 | 71.00 | NOTE |
Version: 0.2.1
Check: LazyData
Result: NOTE
'LazyData' is specified without a 'data' directory
Flavors: r-devel-linux-x86_64-debian-clang, r-devel-linux-x86_64-debian-gcc, r-devel-linux-x86_64-fedora-clang, r-devel-linux-x86_64-fedora-gcc, r-patched-linux-x86_64, r-release-linux-x86_64, r-release-macos-arm64, r-release-macos-x86_64, r-release-windows-x86_64, r-oldrel-macos-arm64, r-oldrel-macos-x86_64, r-oldrel-windows-ix86+x86_64