CRAN Package Check Results for Package oaqc

Last updated on 2023-03-29 07:55:26 CEST.

Flavor Version Tinstall Tcheck Ttotal Status Flags
r-devel-linux-x86_64-debian-clang 1.0 4.86 23.96 28.82 NOTE
r-devel-linux-x86_64-debian-gcc 1.0 3.72 19.36 23.08 NOTE
r-devel-linux-x86_64-fedora-clang 1.0 43.43 NOTE
r-devel-linux-x86_64-fedora-gcc 1.0 46.80 NOTE
r-devel-windows-x86_64 1.0 18.00 0.00 18.00 NOTE
r-patched-linux-x86_64 1.0 4.69 23.68 28.37 NOTE
r-release-linux-x86_64 1.0 4.96 24.82 29.78 NOTE
r-release-macos-arm64 1.0 18.00 NOTE
r-release-macos-x86_64 1.0 26.00 NOTE
r-release-windows-x86_64 1.0 20.00 68.00 88.00 NOTE
r-oldrel-macos-arm64 1.0 26.00 NOTE
r-oldrel-macos-x86_64 1.0 27.00 NOTE
r-oldrel-windows-ix86+x86_64 1.0 16.00 68.00 84.00 NOTE

Check Details

Version: 1.0
Check: C++ specification
Result: NOTE
     Specified C++11: please drop specification unless essential
Flavors: r-devel-linux-x86_64-debian-clang, r-devel-linux-x86_64-debian-gcc, r-devel-linux-x86_64-fedora-clang, r-devel-linux-x86_64-fedora-gcc, r-devel-windows-x86_64, r-patched-linux-x86_64

Version: 1.0
Check: LazyData
Result: NOTE
     'LazyData' is specified without a 'data' directory
Flavors: r-devel-linux-x86_64-debian-clang, r-devel-linux-x86_64-debian-gcc, r-devel-linux-x86_64-fedora-clang, r-devel-linux-x86_64-fedora-gcc, r-devel-windows-x86_64, r-patched-linux-x86_64, r-release-linux-x86_64, r-release-macos-arm64, r-release-macos-x86_64, r-release-windows-x86_64, r-oldrel-macos-arm64, r-oldrel-macos-x86_64, r-oldrel-windows-ix86+x86_64