Last updated on 2023-01-29 07:56:10 CET.
Flavor | Version | Tinstall | Tcheck | Ttotal | Status | Flags |
---|---|---|---|---|---|---|
r-devel-linux-x86_64-debian-clang | 0.0.18 | 54.20 | 81.84 | 136.04 | OK | |
r-devel-linux-x86_64-debian-gcc | 0.0.18 | 45.01 | 60.30 | 105.31 | NOTE | |
r-devel-linux-x86_64-fedora-clang | 0.0.18 | 182.83 | NOTE | |||
r-devel-linux-x86_64-fedora-gcc | 0.0.18 | 190.39 | NOTE | |||
r-devel-windows-x86_64 | 0.0.18 | 64.00 | 135.00 | 199.00 | NOTE | |
r-patched-linux-x86_64 | 0.0.18 | 47.91 | 76.64 | 124.55 | OK | |
r-release-linux-x86_64 | 0.0.18 | 43.13 | 76.70 | 119.83 | OK | |
r-release-macos-arm64 | 0.0.18 | 47.00 | OK | |||
r-release-macos-x86_64 | 0.0.18 | 68.00 | OK | |||
r-release-windows-x86_64 | 0.0.18 | 57.00 | 126.00 | 183.00 | OK | |
r-oldrel-macos-arm64 | 0.0.18 | 44.00 | OK | |||
r-oldrel-macos-x86_64 | 0.0.18 | 71.00 | OK | |||
r-oldrel-windows-ix86+x86_64 | 0.0.18 | 127.00 | 145.00 | 272.00 | OK |
Version: 0.0.18
Check: C++ specification
Result: NOTE
Specified C++11: please update to current default of C++17
Flavors: r-devel-linux-x86_64-debian-gcc, r-devel-linux-x86_64-fedora-clang, r-devel-linux-x86_64-fedora-gcc, r-devel-windows-x86_64