CRAN Package Check Results for Package numbers

Last updated on 2023-04-02 07:55:20 CEST.

Flavor Version Tinstall Tcheck Ttotal Status Flags
r-devel-linux-x86_64-debian-clang 0.8-5 4.31 40.90 45.21 OK
r-devel-linux-x86_64-debian-gcc 0.8-5 3.48 30.75 34.23 OK
r-devel-linux-x86_64-fedora-clang 0.8-5 56.86 OK
r-devel-linux-x86_64-fedora-gcc 0.8-5 53.83 OK
r-devel-windows-x86_64 0.8-5 11.00 76.00 87.00 OK
r-patched-linux-x86_64 0.8-5 4.99 39.55 44.54 OK
r-release-linux-x86_64 0.8-5 4.13 39.14 43.27 OK
r-release-macos-arm64 0.8-5 23.00 ERROR
r-release-macos-x86_64 0.8-5 49.00 ERROR
r-release-windows-x86_64 0.8-5 40.00 79.00 119.00 OK
r-oldrel-macos-arm64 0.8-5 33.00 ERROR
r-oldrel-macos-x86_64 0.8-5 53.00 ERROR
r-oldrel-windows-ix86+x86_64 0.8-5 10.00 66.00 76.00 ERROR

Check Details

Version: 0.8-5
Check: PDF version of manual
Result: WARN
    LaTeX errors when creating PDF version.
    This typically indicates Rd problems.
    LaTeX errors found:
    ! Undefined control sequence.
    <argument> x_i = a_i \, \mod
     \, m_i, \quad 1 \le i \le n
    l.562 ...i \, \mod \, m_i, \quad 1 \le i \le n }{}
    
    ! Undefined control sequence.
    <argument> a_i = a_j \, \mod
     \, \gcd (m_i, m_j)
    l.566 \deqn{a_i = a_j \, \mod \, \gcd(m_i, m_j)}{}
Flavors: r-release-macos-arm64, r-release-macos-x86_64

Version: 0.8-5
Check: PDF version of manual without index
Result: ERROR
Flavors: r-release-macos-arm64, r-release-macos-x86_64

Version: 0.8-5
Check: PDF version of manual
Result: WARN
    LaTeX errors when creating PDF version.
    This typically indicates Rd problems.
    LaTeX errors found:
    ! Undefined control sequence.
    <argument> x_i = a_i \, \mod
     \, m_i, \quad 1 \le i \le n
    l.560 ...i \, \mod \, m_i, \quad 1 \le i \le n }{}
    
    ! Undefined control sequence.
    <argument> a_i = a_j \, \mod
     \, \gcd (m_i, m_j)
    l.564 \deqn{a_i = a_j \, \mod \, \gcd(m_i, m_j)}{}
Flavors: r-oldrel-macos-arm64, r-oldrel-macos-x86_64, r-oldrel-windows-ix86+x86_64

Version: 0.8-5
Check: PDF version of manual without hyperrefs or index
Result: ERROR
Flavors: r-oldrel-macos-arm64, r-oldrel-macos-x86_64, r-oldrel-windows-ix86+x86_64