Last updated on 2023-06-01 07:57:07 CEST.
Flavor | Version | Tinstall | Tcheck | Ttotal | Status | Flags |
---|---|---|---|---|---|---|
r-devel-linux-x86_64-debian-clang | 1.0.1 | 49.40 | 44.17 | 93.57 | OK | |
r-devel-linux-x86_64-debian-gcc | 1.0.1 | 36.63 | 34.96 | 71.59 | OK | |
r-devel-linux-x86_64-fedora-clang | 1.0.1 | 131.05 | NOTE | |||
r-devel-linux-x86_64-fedora-gcc | 1.0.1 | 144.29 | NOTE | |||
r-devel-windows-x86_64 | 1.0.1 | 36.00 | 81.00 | 117.00 | OK | |
r-patched-linux-x86_64 | 1.0.1 | OK | ||||
r-release-linux-x86_64 | 1.0.1 | 37.62 | 43.49 | 81.11 | OK | |
r-release-macos-arm64 | 1.0.1 | 43.00 | OK | |||
r-release-macos-x86_64 | 1.0.1 | 67.00 | OK | |||
r-release-windows-x86_64 | 1.0.1 | 49.00 | 85.00 | 134.00 | OK | |
r-oldrel-macos-arm64 | 1.0.1 | 34.00 | NOTE | |||
r-oldrel-macos-x86_64 | 1.0.1 | 48.00 | NOTE | |||
r-oldrel-windows-x86_64 | 1.0.1 | 44.00 | 86.00 | 130.00 | OK |
Version: 1.0.1
Check: dependencies in R code
Result: NOTE
Namespace in Imports field not imported from: ‘pedtools’
All declared Imports should be used.
Flavors: r-devel-linux-x86_64-fedora-clang, r-devel-linux-x86_64-fedora-gcc, r-oldrel-macos-arm64, r-oldrel-macos-x86_64