CRAN Package Check Results for Package nullabor

Last updated on 2024-02-26 08:48:51 CET.

Flavor Version Tinstall Tcheck Ttotal Status Flags
r-devel-linux-x86_64-debian-clang 0.3.9 11.49 131.32 142.81 OK
r-devel-linux-x86_64-debian-gcc 0.3.9 9.41 97.70 107.11 OK
r-devel-linux-x86_64-fedora-clang 0.3.9 169.36 NOTE
r-devel-linux-x86_64-fedora-gcc 0.3.9 400.07 NOTE
r-devel-windows-x86_64 0.3.9 12.00 110.00 122.00 OK
r-patched-linux-x86_64 0.3.9 9.17 126.33 135.50 OK
r-release-linux-x86_64 0.3.9 8.21 126.15 134.36 OK
r-release-macos-arm64 0.3.9 135.00 OK
r-release-macos-x86_64 0.3.9 222.00 OK
r-release-windows-x86_64 0.3.9 15.00 136.00 151.00 OK
r-oldrel-macos-arm64 0.3.9 106.00 NOTE
r-oldrel-windows-x86_64 0.3.9 15.00 132.00 147.00 OK

Check Details

Version: 0.3.9
Check: dependencies in R code
Result: NOTE Namespaces in Imports field not imported from: ‘forecast’ ‘rlang’ ‘tsibble’ ‘viridis’ All declared Imports should be used. Flavors: r-devel-linux-x86_64-fedora-clang, r-devel-linux-x86_64-fedora-gcc, r-oldrel-macos-arm64