Last updated on 2023-02-02 06:55:00 CET.
Flavor | Version | Tinstall | Tcheck | Ttotal | Status | Flags |
---|---|---|---|---|---|---|
r-devel-linux-x86_64-debian-clang | 1.0.1 | 2.23 | 23.80 | 26.03 | OK | |
r-devel-linux-x86_64-debian-gcc | 1.0.1 | 1.92 | 19.28 | 21.20 | OK | |
r-devel-linux-x86_64-fedora-clang | 1.0.1 | 34.49 | NOTE | |||
r-devel-linux-x86_64-fedora-gcc | 1.0.1 | 32.74 | NOTE | |||
r-devel-windows-x86_64 | 1.0.1 | 16.00 | 55.00 | 71.00 | OK | |
r-patched-linux-x86_64 | 1.0.1 | 2.56 | 25.09 | 27.65 | OK | |
r-release-linux-x86_64 | 1.0.1 | 2.45 | 24.78 | 27.23 | OK | |
r-release-macos-arm64 | 1.0.1 | 18.00 | NOTE | |||
r-release-macos-x86_64 | 1.0.1 | 22.00 | NOTE | |||
r-release-windows-x86_64 | 1.0.1 | 16.00 | 56.00 | 72.00 | OK | |
r-oldrel-macos-arm64 | 1.0.1 | 17.00 | NOTE | |||
r-oldrel-macos-x86_64 | 1.0.1 | 22.00 | NOTE | |||
r-oldrel-windows-ix86+x86_64 | 1.0.1 | 6.00 | 51.00 | 57.00 | OK |
Version: 1.0.1
Check: data for non-ASCII characters
Result: NOTE
Note: found 1 marked UTF-8 string
Flavors: r-devel-linux-x86_64-fedora-clang, r-devel-linux-x86_64-fedora-gcc, r-release-macos-arm64, r-release-macos-x86_64, r-oldrel-macos-arm64, r-oldrel-macos-x86_64