Last updated on 2023-01-27 07:50:39 CET.
Flavor | Version | Tinstall | Tcheck | Ttotal | Status | Flags |
---|---|---|---|---|---|---|
r-devel-linux-x86_64-debian-clang | 1.1.0 | 7.91 | 46.70 | 54.61 | NOTE | |
r-devel-linux-x86_64-debian-gcc | 1.1.0 | 5.86 | 35.44 | 41.30 | NOTE | |
r-devel-linux-x86_64-fedora-clang | 1.1.0 | 65.29 | NOTE | |||
r-devel-linux-x86_64-fedora-gcc | 1.1.0 | 64.19 | NOTE | |||
r-patched-linux-x86_64 | 1.1.0 | 7.11 | 44.04 | 51.15 | NOTE | |
r-release-linux-x86_64 | 1.1.0 | 7.41 | 42.97 | 50.38 | NOTE | |
r-release-macos-arm64 | 1.1.0 | 23.00 | NOTE | |||
r-release-macos-x86_64 | 1.1.0 | 33.00 | NOTE | |||
r-release-windows-x86_64 | 1.1.0 | 43.00 | 76.00 | 119.00 | NOTE | |
r-oldrel-macos-arm64 | 1.1.0 | 30.00 | NOTE | |||
r-oldrel-macos-x86_64 | 1.1.0 | 42.00 | NOTE | |||
r-oldrel-windows-ix86+x86_64 | 1.1.0 | 18.00 | 70.00 | 88.00 | NOTE |
Version: 1.1.0
Check: LazyData
Result: NOTE
'LazyData' is specified without a 'data' directory
Flavors: r-devel-linux-x86_64-debian-clang, r-devel-linux-x86_64-debian-gcc, r-devel-linux-x86_64-fedora-clang, r-devel-linux-x86_64-fedora-gcc, r-patched-linux-x86_64, r-release-linux-x86_64, r-release-macos-arm64, r-release-macos-x86_64, r-release-windows-x86_64, r-oldrel-macos-arm64, r-oldrel-macos-x86_64, r-oldrel-windows-ix86+x86_64