Last updated on 2023-01-27 07:50:39 CET.
Flavor | Version | Tinstall | Tcheck | Ttotal | Status | Flags |
---|---|---|---|---|---|---|
r-devel-linux-x86_64-debian-clang | 0.4.0 | 46.05 | 69.85 | 115.90 | OK | |
r-devel-linux-x86_64-debian-gcc | 0.4.0 | 38.21 | 51.55 | 89.76 | NOTE | |
r-devel-linux-x86_64-fedora-clang | 0.4.0 | 156.87 | NOTE | |||
r-devel-linux-x86_64-fedora-gcc | 0.4.0 | 154.79 | NOTE | |||
r-patched-linux-x86_64 | 0.4.0 | 43.76 | 68.12 | 111.88 | OK | |
r-release-linux-x86_64 | 0.4.0 | 41.71 | 67.57 | 109.28 | OK | |
r-release-macos-arm64 | 0.4.0 | 40.00 | OK | |||
r-release-macos-x86_64 | 0.4.0 | 68.00 | OK | |||
r-release-windows-x86_64 | 0.4.0 | 43.00 | 110.00 | 153.00 | OK | |
r-oldrel-macos-arm64 | 0.4.0 | 48.00 | OK | |||
r-oldrel-macos-x86_64 | 0.4.0 | 75.00 | OK | |||
r-oldrel-windows-ix86+x86_64 | 0.4.0 | 107.00 | 130.00 | 237.00 | OK |
Version: 0.4.0
Check: C++ specification
Result: NOTE
Specified C++11: please update to current default of C++17
Flavors: r-devel-linux-x86_64-debian-gcc, r-devel-linux-x86_64-fedora-clang, r-devel-linux-x86_64-fedora-gcc