Last updated on 2023-02-07 07:54:08 CET.
Flavor | Version | Tinstall | Tcheck | Ttotal | Status | Flags |
---|---|---|---|---|---|---|
r-devel-linux-x86_64-debian-clang | 1.0.0 | 4.54 | 49.84 | 54.38 | NOTE | |
r-devel-linux-x86_64-debian-gcc | 1.0.0 | 3.75 | 38.43 | 42.18 | NOTE | |
r-devel-linux-x86_64-fedora-clang | 1.0.0 | 74.47 | NOTE | |||
r-devel-linux-x86_64-fedora-gcc | 1.0.0 | 66.40 | NOTE | |||
r-devel-windows-x86_64 | 1.0.0 | 15.00 | 82.00 | 97.00 | NOTE | |
r-patched-linux-x86_64 | 1.0.0 | 4.56 | 49.80 | 54.36 | NOTE | |
r-release-linux-x86_64 | 1.0.0 | 5.11 | 47.83 | 52.94 | NOTE | |
r-release-macos-arm64 | 1.0.0 | 24.00 | NOTE | |||
r-release-macos-x86_64 | 1.0.0 | 48.00 | NOTE | |||
r-release-windows-x86_64 | 1.0.0 | 14.00 | 94.00 | 108.00 | NOTE | |
r-oldrel-macos-arm64 | 1.0.0 | 33.00 | NOTE | |||
r-oldrel-macos-x86_64 | 1.0.0 | 43.00 | NOTE | |||
r-oldrel-windows-ix86+x86_64 | 1.0.0 | 12.00 | 77.00 | 89.00 | NOTE |
Version: 1.0.0
Check: LazyData
Result: NOTE
'LazyData' is specified without a 'data' directory
Flavors: r-devel-linux-x86_64-debian-clang, r-devel-linux-x86_64-debian-gcc, r-devel-linux-x86_64-fedora-clang, r-devel-linux-x86_64-fedora-gcc, r-devel-windows-x86_64, r-patched-linux-x86_64, r-release-linux-x86_64, r-release-macos-arm64, r-release-macos-x86_64, r-release-windows-x86_64, r-oldrel-macos-arm64, r-oldrel-macos-x86_64, r-oldrel-windows-ix86+x86_64