Last updated on 2023-02-02 06:54:59 CET.
Flavor | Version | Tinstall | Tcheck | Ttotal | Status | Flags |
---|---|---|---|---|---|---|
r-devel-linux-x86_64-debian-clang | 0.4.6 | 7.98 | 84.55 | 92.53 | WARN | |
r-devel-linux-x86_64-debian-gcc | 0.4.6 | 6.15 | 63.27 | 69.42 | WARN | |
r-devel-linux-x86_64-fedora-clang | 0.4.6 | 112.17 | WARN | |||
r-devel-linux-x86_64-fedora-gcc | 0.4.6 | 121.10 | WARN | |||
r-devel-windows-x86_64 | 0.4.6 | 22.00 | 134.00 | 156.00 | NOTE | |
r-patched-linux-x86_64 | 0.4.6 | 7.33 | 83.65 | 90.98 | OK | |
r-release-linux-x86_64 | 0.4.6 | 6.82 | 84.48 | 91.30 | OK | |
r-release-macos-arm64 | 0.4.6 | 38.00 | OK | |||
r-release-macos-x86_64 | 0.4.6 | 50.00 | OK | |||
r-release-windows-x86_64 | 0.4.6 | 22.00 | 145.00 | 167.00 | OK | |
r-oldrel-macos-arm64 | 0.4.6 | 37.00 | OK | |||
r-oldrel-macos-x86_64 | 0.4.6 | 46.00 | OK | |||
r-oldrel-windows-ix86+x86_64 | 0.4.6 | 25.00 | 154.00 | 179.00 | OK |
Version: 0.4.6
Check: whether package can be installed
Result: WARN
Found the following significant warnings:
geodesic.c:57:17: warning: a function declaration without a prototype is deprecated in all versions of C [-Wstrict-prototypes]
See ‘/home/hornik/tmp/R.check/r-devel-clang/Work/PKGS/nngeo.Rcheck/00install.out’ for details.
* used C compiler: ‘Debian clang version 15.0.6’
Flavor: r-devel-linux-x86_64-debian-clang
Version: 0.4.6
Check: package subdirectories
Result: NOTE
Problems with news in ‘NEWS.md’:
Cannot extract version info from the following section titles:
Other ideas
Flavors: r-devel-linux-x86_64-debian-clang, r-devel-linux-x86_64-debian-gcc, r-devel-linux-x86_64-fedora-clang, r-devel-linux-x86_64-fedora-gcc, r-devel-windows-x86_64
Version: 0.4.6
Check: whether package can be installed
Result: WARN
Found the following significant warnings:
geodesic.c:57:13: warning: function declaration isn’t a prototype [-Wstrict-prototypes]
See ‘/home/hornik/tmp/R.check/r-devel-gcc/Work/PKGS/nngeo.Rcheck/00install.out’ for details.
* used C compiler: ‘gcc-12 (Debian 12.2.0-14) 12.2.0’
Flavor: r-devel-linux-x86_64-debian-gcc
Version: 0.4.6
Check: whether package can be installed
Result: WARN
Found the following significant warnings:
geodesic.c:57:17: warning: a function declaration without a prototype is deprecated in all versions of C [-Wstrict-prototypes]
See ‘/data/gannet/ripley/R/packages/tests-clang/nngeo.Rcheck/00install.out’ for details.
* used C compiler: ‘clang version 15.0.7’
Flavor: r-devel-linux-x86_64-fedora-clang
Version: 0.4.6
Check: Rd cross-references
Result: NOTE
Undeclared package ‘sfheaders’ in Rd xrefs
Flavor: r-devel-linux-x86_64-fedora-clang
Version: 0.4.6
Check: whether package can be installed
Result: WARN
Found the following significant warnings:
geodesic.c:57:13: warning: function declaration isn’t a prototype [-Wstrict-prototypes]
See ‘/data/gannet/ripley/R/packages/tests-devel/nngeo.Rcheck/00install.out’ for details.
* used C compiler: ‘gcc (GCC) 12.2.1 20221121 (Red Hat 12.2.1-4)’
Flavor: r-devel-linux-x86_64-fedora-gcc