Last updated on 2023-02-04 08:01:22 CET.
Flavor | Version | Tinstall | Tcheck | Ttotal | Status | Flags |
---|---|---|---|---|---|---|
r-devel-linux-x86_64-debian-clang | 1.4.4 | 17.75 | 72.44 | 90.19 | NOTE | |
r-devel-linux-x86_64-debian-gcc | 1.4.4 | 15.20 | 54.71 | 69.91 | NOTE | |
r-devel-linux-x86_64-fedora-clang | 1.4.4 | 117.13 | NOTE | |||
r-devel-linux-x86_64-fedora-gcc | 1.4.4 | 109.85 | NOTE | |||
r-devel-windows-x86_64 | 1.4.4 | 30.00 | 116.00 | 146.00 | NOTE | |
r-patched-linux-x86_64 | 1.4.4 | 17.24 | 67.87 | 85.11 | OK | |
r-release-linux-x86_64 | 1.4.4 | 13.35 | 67.19 | 80.54 | OK | |
r-release-macos-arm64 | 1.4.4 | 38.00 | OK | |||
r-release-macos-x86_64 | 1.4.4 | 48.00 | OK | |||
r-release-windows-x86_64 | 1.4.4 | 25.00 | 122.00 | 147.00 | OK | |
r-oldrel-macos-arm64 | 1.4.4 | 29.00 | OK | |||
r-oldrel-macos-x86_64 | 1.4.4 | 46.00 | OK | |||
r-oldrel-windows-ix86+x86_64 | 1.4.4 | 44.00 | 126.00 | 170.00 | OK |
Version: 1.4.4
Check: Rd files
Result: NOTE
checkRd: (-1) nltm.control.Rd:29: Escaped LaTeX specials: \$
Flavors: r-devel-linux-x86_64-debian-clang, r-devel-linux-x86_64-debian-gcc, r-devel-linux-x86_64-fedora-clang, r-devel-linux-x86_64-fedora-gcc, r-devel-windows-x86_64