Last updated on 2023-02-02 06:54:59 CET.
Flavor | Version | Tinstall | Tcheck | Ttotal | Status | Flags |
---|---|---|---|---|---|---|
r-devel-linux-x86_64-debian-clang | 2.6 | 47.08 | 328.87 | 375.95 | NOTE | |
r-devel-linux-x86_64-debian-gcc | 2.6 | 35.01 | 227.51 | 262.52 | NOTE | |
r-devel-linux-x86_64-fedora-clang | 2.6 | 461.43 | NOTE | |||
r-devel-linux-x86_64-fedora-gcc | 2.6 | 484.27 | NOTE | |||
r-devel-windows-x86_64 | 2.6 | 48.00 | 362.00 | 410.00 | NOTE | |
r-patched-linux-x86_64 | 2.6 | 39.12 | 307.12 | 346.24 | OK | |
r-release-linux-x86_64 | 2.6 | 33.18 | 309.13 | 342.31 | OK | |
r-release-macos-arm64 | 2.6 | 87.00 | OK | |||
r-release-macos-x86_64 | 2.6 | 148.00 | OK | |||
r-release-windows-x86_64 | 2.6 | 50.00 | 343.00 | 393.00 | OK | |
r-oldrel-macos-arm64 | 2.6 | 80.00 | OK | |||
r-oldrel-macos-x86_64 | 2.6 | 147.00 | OK | |||
r-oldrel-windows-ix86+x86_64 | 2.6 | 107.00 | 585.00 | 692.00 | OK |
Version: 2.6
Check: C++ specification
Result: NOTE
Specified C++11: please update to current default of C++17
Flavors: r-devel-linux-x86_64-debian-clang, r-devel-linux-x86_64-debian-gcc, r-devel-linux-x86_64-fedora-clang, r-devel-linux-x86_64-fedora-gcc, r-devel-windows-x86_64