Last updated on 2023-01-27 07:50:39 CET.
Flavor | Version | Tinstall | Tcheck | Ttotal | Status | Flags |
---|---|---|---|---|---|---|
r-devel-linux-x86_64-debian-clang | 0.1.0 | 17.21 | 130.79 | 148.00 | OK | |
r-devel-linux-x86_64-debian-gcc | 0.1.0 | 14.71 | 97.40 | 112.11 | OK | |
r-devel-linux-x86_64-fedora-clang | 0.1.0 | 187.50 | NOTE | |||
r-devel-linux-x86_64-fedora-gcc | 0.1.0 | 173.91 | NOTE | |||
r-patched-linux-x86_64 | 0.1.0 | 14.14 | 124.96 | 139.10 | OK | |
r-release-linux-x86_64 | 0.1.0 | 15.61 | 125.41 | 141.02 | OK | |
r-release-macos-arm64 | 0.1.0 | 48.00 | NOTE | |||
r-release-macos-x86_64 | 0.1.0 | 70.00 | NOTE | |||
r-release-windows-x86_64 | 0.1.0 | 19.00 | 153.00 | 172.00 | OK | |
r-oldrel-macos-arm64 | 0.1.0 | 51.00 | NOTE | |||
r-oldrel-macos-x86_64 | 0.1.0 | 71.00 | NOTE | |||
r-oldrel-windows-ix86+x86_64 | 0.1.0 | 41.00 | 152.00 | 193.00 | OK |
Version: 0.1.0
Check: dependencies in R code
Result: NOTE
Namespaces in Imports field not imported from:
‘knitr’ ‘nlraa’
All declared Imports should be used.
Flavors: r-devel-linux-x86_64-fedora-clang, r-devel-linux-x86_64-fedora-gcc, r-release-macos-arm64, r-release-macos-x86_64, r-oldrel-macos-arm64, r-oldrel-macos-x86_64