Last updated on 2023-02-08 07:54:37 CET.
Flavor | Version | Tinstall | Tcheck | Ttotal | Status | Flags |
---|---|---|---|---|---|---|
r-devel-linux-x86_64-debian-clang | 0.13.1 | 265.14 | 270.33 | 535.47 | NOTE | |
r-devel-linux-x86_64-debian-gcc | 0.13.1 | 218.73 | 197.12 | 415.85 | NOTE | |
r-devel-linux-x86_64-fedora-clang | 0.13.1 | 733.79 | NOTE | |||
r-devel-linux-x86_64-fedora-gcc | 0.13.1 | 698.67 | NOTE | |||
r-devel-windows-x86_64 | 0.13.1 | 962.00 | 305.00 | 1267.00 | WARN | |
r-patched-linux-x86_64 | 0.13.1 | 227.89 | 245.96 | 473.85 | OK | |
r-release-linux-x86_64 | 0.13.1 | 237.82 | 246.10 | 483.92 | OK | |
r-release-macos-arm64 | 0.13.1 | 151.00 | NOTE | |||
r-release-macos-x86_64 | 0.13.1 | 202.00 | NOTE | |||
r-release-windows-x86_64 | 0.13.1 | 804.00 | 286.00 | 1090.00 | NOTE | |
r-oldrel-macos-arm64 | 0.13.1 | 156.00 | NOTE | |||
r-oldrel-macos-x86_64 | 0.13.1 | 201.00 | NOTE | |||
r-oldrel-windows-ix86+x86_64 | 0.13.1 | 489.00 | 316.00 | 805.00 | NOTE |
Version: 0.13.1
Check: C++ specification
Result: NOTE
Specified C++11: please update to current default of C++17
Flavors: r-devel-linux-x86_64-debian-clang, r-devel-windows-x86_64
Version: 0.13.1
Check: C++ specification
Result: NOTE
Specified C++11: please drop specification unless essential
Flavors: r-devel-linux-x86_64-debian-gcc, r-devel-linux-x86_64-fedora-clang, r-devel-linux-x86_64-fedora-gcc
Version: 0.13.1
Check: installed package size
Result: NOTE
installed size is 16.1Mb
sub-directories of 1Mb or more:
CppCode 1.2Mb
R 6.3Mb
classic-bugs 1.6Mb
include 5.9Mb
Flavors: r-devel-linux-x86_64-fedora-clang, r-devel-windows-x86_64, r-release-macos-arm64, r-release-macos-x86_64, r-release-windows-x86_64, r-oldrel-macos-arm64, r-oldrel-macos-x86_64, r-oldrel-windows-ix86+x86_64
Version: 0.13.1
Check: whether package can be installed
Result: WARN
Found the following significant warnings:
d:\rtools43\x86_64-w64-mingw32.static.posix\lib\gcc\x86_64-w64-mingw32.static.posix\12.2.0\include\c++\bits\stl_algobase.h:431:30: warning: 'void* __builtin_memmove(void*, const void*, long long unsigned int)' offset 0 is out of the bounds [0, 0] [-Warray-bounds]
d:\rtools43\x86_64-w64-mingw32.static.posix\lib\gcc\x86_64-w64-mingw32.static.posix\12.2.0\include\c++\bits\stl_algobase.h:922:18: warning: 'void* __builtin_memset(void*, int, long long unsigned int)' writing 8 or more bytes into a region of size 0 overflows the destination [-Wstringop-overflow=]
See 'd:/Rcompile/CRANpkg/local/4.3/nimble.Rcheck/00install.out' for details.
* used C++ compiler: 'g++.exe (GCC) 12.2.0'
Flavor: r-devel-windows-x86_64