CRAN Package Check Results for Package nhlscrape

Last updated on 2023-02-05 07:57:29 CET.

Flavor Version Tinstall Tcheck Ttotal Status Flags
r-devel-linux-x86_64-debian-clang 0.1.3 1.86 30.31 32.17 NOTE
r-devel-linux-x86_64-debian-gcc 0.1.3 1.42 23.44 24.86 NOTE
r-devel-linux-x86_64-fedora-clang 0.1.3 42.91 NOTE
r-devel-linux-x86_64-fedora-gcc 0.1.3 41.58 NOTE
r-devel-windows-x86_64 0.1.3 18.00 65.00 83.00 NOTE
r-patched-linux-x86_64 0.1.3 2.42 30.79 33.21 NOTE
r-release-linux-x86_64 0.1.3 2.44 30.31 32.75 NOTE
r-release-macos-arm64 0.1.3 18.00 NOTE
r-release-macos-x86_64 0.1.3 26.00 NOTE
r-release-windows-x86_64 0.1.3 20.00 65.00 85.00 NOTE
r-oldrel-macos-arm64 0.1.3 20.00 NOTE
r-oldrel-macos-x86_64 0.1.3 28.00 NOTE
r-oldrel-windows-ix86+x86_64 0.1.3 7.00 58.00 65.00 NOTE

Check Details

Version: 0.1.3
Check: LazyData
Result: NOTE
     'LazyData' is specified without a 'data' directory
Flavors: r-devel-linux-x86_64-debian-clang, r-devel-linux-x86_64-debian-gcc, r-devel-linux-x86_64-fedora-clang, r-devel-linux-x86_64-fedora-gcc, r-devel-windows-x86_64, r-patched-linux-x86_64, r-release-linux-x86_64, r-release-macos-arm64, r-release-macos-x86_64, r-release-windows-x86_64, r-oldrel-macos-arm64, r-oldrel-macos-x86_64, r-oldrel-windows-ix86+x86_64