Last updated on 2023-02-05 07:57:29 CET.
Flavor | Version | Tinstall | Tcheck | Ttotal | Status | Flags |
---|---|---|---|---|---|---|
r-devel-linux-x86_64-debian-clang | 1.6 | 4.03 | 43.49 | 47.52 | OK | |
r-devel-linux-x86_64-debian-gcc | 1.6 | 4.30 | 34.11 | 38.41 | OK | |
r-devel-linux-x86_64-fedora-clang | 1.6 | 63.58 | NOTE | |||
r-devel-linux-x86_64-fedora-gcc | 1.6 | 72.43 | NOTE | |||
r-devel-windows-x86_64 | 1.6 | 136.00 | 87.00 | 223.00 | OK | |
r-patched-linux-x86_64 | 1.6 | 6.15 | 43.84 | 49.99 | OK | |
r-release-linux-x86_64 | 1.6 | 5.75 | 43.23 | 48.98 | OK | |
r-release-macos-arm64 | 1.6 | 29.00 | OK | |||
r-release-macos-x86_64 | 1.6 | 35.00 | OK | |||
r-release-windows-x86_64 | 1.6 | 80.00 | 86.00 | 166.00 | OK | |
r-oldrel-macos-arm64 | 1.6 | 28.00 | OK | |||
r-oldrel-macos-x86_64 | 1.6 | 38.00 | OK | |||
r-oldrel-windows-ix86+x86_64 | 1.6 | 14.00 | 76.00 | 90.00 | OK |
Version: 1.6
Check: dependencies in R code
Result: NOTE
Namespace in Imports field not imported from: ‘utils’
All declared Imports should be used.
Flavors: r-devel-linux-x86_64-fedora-clang, r-devel-linux-x86_64-fedora-gcc