CRAN Package Check Results for Package neuronorm

Last updated on 2023-03-31 07:53:33 CEST.

Flavor Version Tinstall Tcheck Ttotal Status Flags
r-devel-linux-x86_64-debian-clang 1.0.2 2.47 25.88 28.35 NOTE
r-devel-linux-x86_64-debian-gcc 1.0.2 1.94 20.17 22.11 NOTE
r-devel-linux-x86_64-fedora-clang 1.0.2 37.32 NOTE
r-devel-linux-x86_64-fedora-gcc 1.0.2 46.17 NOTE
r-patched-linux-x86_64 1.0.2 1.78 25.16 26.94 NOTE
r-release-linux-x86_64 1.0.2 1.91 26.58 28.49 NOTE
r-release-macos-arm64 1.0.2 16.00 NOTE
r-release-macos-x86_64 1.0.2 23.00 NOTE
r-oldrel-macos-arm64 1.0.2 28.00 NOTE
r-oldrel-macos-x86_64 1.0.2 26.00 NOTE

Check Details

Version: 1.0.2
Check: package dependencies
Result: NOTE
    Packages suggested but not available for checking:
     'ANTsR', 'ITKR', 'extrantsr', 'MNITemplate', 'RAVEL', 'neurodata'
Flavors: r-devel-linux-x86_64-debian-clang, r-devel-linux-x86_64-debian-gcc, r-devel-linux-x86_64-fedora-clang, r-devel-linux-x86_64-fedora-gcc, r-patched-linux-x86_64, r-release-linux-x86_64, r-release-macos-arm64, r-release-macos-x86_64, r-oldrel-macos-arm64, r-oldrel-macos-x86_64

Version: 1.0.2
Check: dependencies in R code
Result: NOTE
    Namespace in Imports field not imported from: ‘knitr’
     All declared Imports should be used.
Flavors: r-devel-linux-x86_64-fedora-clang, r-devel-linux-x86_64-fedora-gcc, r-release-macos-arm64, r-release-macos-x86_64, r-oldrel-macos-arm64, r-oldrel-macos-x86_64