CRAN Package Check Results for Package neurocInstall

Last updated on 2023-03-30 06:53:22 CEST.

Flavor Version Tinstall Tcheck Ttotal Status Flags
r-devel-linux-x86_64-debian-clang 0.12.0 8.16 73.58 81.74 NOTE
r-devel-linux-x86_64-debian-gcc 0.12.0 6.60 55.16 61.76 NOTE
r-devel-linux-x86_64-fedora-clang 0.12.0 101.86 NOTE
r-devel-linux-x86_64-fedora-gcc 0.12.0 109.27 NOTE
r-devel-windows-x86_64 0.12.0 36.00 0.00 36.00 NOTE
r-patched-linux-x86_64 0.12.0 9.19 72.15 81.34 NOTE
r-release-linux-x86_64 0.12.0 5.32 70.29 75.61 NOTE
r-release-macos-arm64 0.12.0 28.00 NOTE
r-release-macos-x86_64 0.12.0 45.00 NOTE
r-release-windows-x86_64 0.12.0 31.00 105.00 136.00 NOTE
r-oldrel-macos-arm64 0.12.0 36.00 NOTE
r-oldrel-macos-x86_64 0.12.0 1803.00 NOTE
r-oldrel-windows-ix86+x86_64 0.12.0 29.00 102.00 131.00 NOTE

Additional issues

donttest

Check Details

Version: 0.12.0
Check: LazyData
Result: NOTE
     'LazyData' is specified without a 'data' directory
Flavors: r-devel-linux-x86_64-debian-clang, r-devel-linux-x86_64-debian-gcc, r-devel-linux-x86_64-fedora-clang, r-devel-linux-x86_64-fedora-gcc, r-devel-windows-x86_64, r-patched-linux-x86_64, r-release-linux-x86_64, r-release-macos-arm64, r-release-macos-x86_64, r-release-windows-x86_64, r-oldrel-macos-arm64, r-oldrel-macos-x86_64, r-oldrel-windows-ix86+x86_64