CRAN Package Check Results for Package neurobase

Last updated on 2024-07-18 06:57:30 CEST.

Flavor Version Tinstall Tcheck Ttotal Status Flags
r-devel-linux-x86_64-debian-clang 1.32.4 9.19 260.97 270.16 OK
r-devel-linux-x86_64-debian-gcc 1.32.4 8.82 182.76 191.58 OK
r-devel-linux-x86_64-fedora-clang 1.32.4 340.31 OK
r-devel-linux-x86_64-fedora-gcc 1.32.4 338.98 OK
r-devel-windows-x86_64 1.32.4 10.00 959.00 969.00 NOTE
r-patched-linux-x86_64 1.32.4 12.02 249.20 261.22 OK
r-release-linux-x86_64 1.32.4 10.61 252.30 262.91 OK
r-release-macos-arm64 1.32.4 137.00 OK
r-release-macos-x86_64 1.32.4 211.00 OK
r-release-windows-x86_64 1.32.4 11.00 888.00 899.00 OK
r-oldrel-macos-arm64 1.32.4 134.00 OK
r-oldrel-macos-x86_64 1.32.4 370.00 OK
r-oldrel-windows-x86_64 1.32.4 13.00 638.00 651.00 OK

Check Details

Version: 1.32.4
Check: Rd cross-references
Result: NOTE Found the following Rd file(s) with Rd \link{} targets missing package anchors: copyNIfTIHeader.Rd: dropImageDimension, nifti datatype.Rd: convert.datatype, convert.bitpix double_ortho.Rd: orthographic ensure_array.Rd: nifti fast_readnii.Rd: readNifti, drop_img_dim img_list_to_ts.Rd: nifti img_ts_to_df.Rd: nifti img_ts_to_list.Rd: nifti img_ts_to_matrix.Rd: nifti ortho2.Rd: orthographic random_nifti.Rd: nifti readNIfTI2.Rd: readNIfTI, drop_img_dim remake_img.Rd: nifti replace_dropped_dimensions.Rd: nifti rescale_img.Rd: drop_img_dim tempimg.Rd: drop_img_dim writeNIfTI2.Rd: writeNIfTI, drop_img_dim write_nifti.Rd: writeNifti Please provide package anchors for all Rd \link{} targets not in the package itself and the base packages. Flavor: r-devel-windows-x86_64