CRAN Package Check Results for Package networkR

Last updated on 2023-02-04 08:01:22 CET.

Flavor Version Tinstall Tcheck Ttotal Status Flags
r-devel-linux-x86_64-debian-clang 0.1.2 37.00 79.62 116.62 NOTE
r-devel-linux-x86_64-debian-gcc 0.1.2 29.50 58.24 87.74 NOTE
r-devel-linux-x86_64-fedora-clang 0.1.2 152.52 NOTE
r-devel-linux-x86_64-fedora-gcc 0.1.2 148.09 NOTE
r-devel-windows-x86_64 0.1.2 41.00 126.00 167.00 NOTE
r-patched-linux-x86_64 0.1.2 34.63 72.35 106.98 OK
r-release-linux-x86_64 0.1.2 26.54 74.26 100.80 OK
r-release-macos-arm64 0.1.2 41.00 OK
r-release-macos-x86_64 0.1.2 56.00 OK
r-release-windows-x86_64 0.1.2 42.00 124.00 166.00 OK
r-oldrel-macos-arm64 0.1.2 53.00 OK
r-oldrel-macos-x86_64 0.1.2 75.00 OK
r-oldrel-windows-ix86+x86_64 0.1.2 88.00 141.00 229.00 OK

Check Details

Version: 0.1.2
Check: C++ specification
Result: NOTE
     Specified C++11: please update to current default of C++17
Flavors: r-devel-linux-x86_64-debian-clang, r-devel-linux-x86_64-debian-gcc, r-devel-linux-x86_64-fedora-clang, r-devel-linux-x86_64-fedora-gcc, r-devel-windows-x86_64