CRAN Package Check Results for Package networkDynamicData

Last updated on 2024-07-22 06:49:14 CEST.

Flavor Version Tinstall Tcheck Ttotal Status Flags
r-devel-linux-x86_64-debian-clang 0.2.1 3.68 40.32 44.00 NOTE
r-devel-linux-x86_64-debian-gcc 0.2.1 2.70 30.35 33.05 NOTE
r-devel-linux-x86_64-fedora-clang 0.2.1 56.22 NOTE
r-devel-linux-x86_64-fedora-gcc 0.2.1 54.15 NOTE
r-devel-windows-x86_64 0.2.1 7.00 54.00 61.00 NOTE
r-patched-linux-x86_64 0.2.1 9.82 39.01 48.83 NOTE
r-release-linux-x86_64 0.2.1 2.49 39.97 42.46 NOTE
r-release-macos-arm64 0.2.1 22.00 NOTE
r-release-macos-x86_64 0.2.1 33.00 NOTE
r-release-windows-x86_64 0.2.1 5.00 55.00 60.00 NOTE
r-oldrel-macos-arm64 0.2.1 22.00 OK
r-oldrel-macos-x86_64 0.2.1 32.00 OK
r-oldrel-windows-x86_64 0.2.1 5.00 57.00 62.00 OK

Check Details

Version: 0.2.1
Check: Rd files
Result: NOTE checkRd: (-1) harry_potter.Rd:44: Lost braces in \itemize; meant \describe ? checkRd: (-1) harry_potter.Rd:45: Lost braces in \itemize; meant \describe ? checkRd: (-1) harry_potter.Rd:46: Lost braces in \itemize; meant \describe ? checkRd: (-1) harry_potter.Rd:47-48: Lost braces in \itemize; meant \describe ? checkRd: (-1) harry_potter.Rd:49: Lost braces in \itemize; meant \describe ? checkRd: (-1) vanDeBunt_students.Rd:46: Lost braces in \itemize; meant \describe ? checkRd: (-1) vanDeBunt_students.Rd:47: Lost braces in \itemize; meant \describe ? checkRd: (-1) vanDeBunt_students.Rd:48: Lost braces in \itemize; meant \describe ? checkRd: (-1) vanDeBunt_students.Rd:49: Lost braces in \itemize; meant \describe ? Flavors: r-devel-linux-x86_64-debian-clang, r-devel-linux-x86_64-debian-gcc, r-devel-linux-x86_64-fedora-clang, r-devel-linux-x86_64-fedora-gcc, r-devel-windows-x86_64, r-patched-linux-x86_64, r-release-linux-x86_64, r-release-macos-arm64, r-release-macos-x86_64, r-release-windows-x86_64

Version: 0.2.1
Check: Rd cross-references
Result: NOTE Found the following Rd file(s) with Rd \link{} targets missing package anchors: davisDyn.Rd: networkDynamic harry_potter.Rd: networkDynamic, activity.attribute hospital.Rd: networkDynamic onlineNet.Rd: networkDynamic vanDeBunt_students.Rd: networkDynamic, activity.attribute, net.obs.period Please provide package anchors for all Rd \link{} targets not in the package itself and the base packages. Flavors: r-devel-linux-x86_64-debian-gcc, r-devel-windows-x86_64