CRAN Package Check Results for Package networkDynamicData

Last updated on 2024-03-02 06:52:03 CET.

Flavor Version Tinstall Tcheck Ttotal Status Flags
r-devel-linux-x86_64-debian-clang 0.2.1 3.66 40.42 44.08 NOTE
r-devel-linux-x86_64-debian-gcc 0.2.1 3.20 30.46 33.66 NOTE
r-devel-linux-x86_64-fedora-clang 0.2.1 55.04 NOTE
r-devel-linux-x86_64-fedora-gcc 0.2.1 53.96 NOTE
r-devel-windows-x86_64 0.2.1 5.00 52.00 57.00 OK
r-patched-linux-x86_64 0.2.1 10.59 38.84 49.43 OK
r-release-linux-x86_64 0.2.1 2.56 39.54 42.10 OK
r-release-macos-arm64 0.2.1 22.00 OK
r-release-macos-x86_64 0.2.1 32.00 OK
r-release-windows-x86_64 0.2.1 6.00 60.00 66.00 OK
r-oldrel-macos-arm64 0.2.1 21.00 OK
r-oldrel-windows-x86_64 0.2.1 5.00 61.00 66.00 OK

Check Details

Version: 0.2.1
Check: Rd files
Result: NOTE checkRd: (-1) harry_potter.Rd:44: Lost braces in \itemize; meant \describe ? checkRd: (-1) harry_potter.Rd:45: Lost braces in \itemize; meant \describe ? checkRd: (-1) harry_potter.Rd:46: Lost braces in \itemize; meant \describe ? checkRd: (-1) harry_potter.Rd:47-48: Lost braces in \itemize; meant \describe ? checkRd: (-1) harry_potter.Rd:49: Lost braces in \itemize; meant \describe ? checkRd: (-1) vanDeBunt_students.Rd:46: Lost braces in \itemize; meant \describe ? checkRd: (-1) vanDeBunt_students.Rd:47: Lost braces in \itemize; meant \describe ? checkRd: (-1) vanDeBunt_students.Rd:48: Lost braces in \itemize; meant \describe ? checkRd: (-1) vanDeBunt_students.Rd:49: Lost braces in \itemize; meant \describe ? Flavors: r-devel-linux-x86_64-debian-clang, r-devel-linux-x86_64-debian-gcc, r-devel-linux-x86_64-fedora-clang, r-devel-linux-x86_64-fedora-gcc