Last updated on 2023-02-07 07:54:08 CET.
Flavor | Version | Tinstall | Tcheck | Ttotal | Status | Flags |
---|---|---|---|---|---|---|
r-devel-linux-x86_64-debian-clang | 0.2.0 | 26.61 | 122.00 | 148.61 | OK | |
r-devel-linux-x86_64-debian-gcc | 0.2.0 | 18.74 | 89.15 | 107.89 | OK | |
r-devel-linux-x86_64-fedora-clang | 0.2.0 | 182.58 | NOTE | |||
r-devel-linux-x86_64-fedora-gcc | 0.2.0 | 187.57 | NOTE | |||
r-devel-windows-x86_64 | 0.2.0 | 170.00 | 165.00 | 335.00 | OK | |
r-patched-linux-x86_64 | 0.2.0 | 16.65 | 117.84 | 134.49 | OK | |
r-release-linux-x86_64 | 0.2.0 | 17.34 | 117.85 | 135.19 | OK | |
r-release-macos-arm64 | 0.2.0 | 40.00 | NOTE | |||
r-release-macos-x86_64 | 0.2.0 | 56.00 | NOTE | |||
r-release-windows-x86_64 | 0.2.0 | 216.00 | 168.00 | 384.00 | OK | |
r-oldrel-macos-arm64 | 0.2.0 | 52.00 | NOTE | |||
r-oldrel-macos-x86_64 | 0.2.0 | 74.00 | NOTE | |||
r-oldrel-windows-ix86+x86_64 | 0.2.0 | 55.00 | 248.00 | 303.00 | OK |
Version: 0.2.0
Check: dependencies in R code
Result: NOTE
Namespaces in Imports field not imported from:
‘Matrix’ ‘igraph’
All declared Imports should be used.
Flavors: r-devel-linux-x86_64-fedora-clang, r-devel-linux-x86_64-fedora-gcc, r-release-macos-arm64, r-release-macos-x86_64, r-oldrel-macos-arm64, r-oldrel-macos-x86_64