CRAN Package Check Results for Package netClust

Last updated on 2023-02-03 06:50:26 CET.

Flavor Version Tinstall Tcheck Ttotal Status Flags
r-devel-linux-x86_64-debian-clang 1.0.1 60.03 34.02 94.05 NOTE
r-devel-linux-x86_64-debian-gcc 1.0.1 48.38 25.78 74.16 NOTE
r-devel-linux-x86_64-fedora-clang 1.0.1 127.30 NOTE
r-devel-linux-x86_64-fedora-gcc 1.0.1 130.01 NOTE
r-patched-linux-x86_64 1.0.1 54.98 34.49 89.47 OK
r-release-linux-x86_64 1.0.1 45.94 33.50 79.44 OK
r-release-macos-arm64 1.0.1 36.00 NOTE
r-release-macos-x86_64 1.0.1 47.00 NOTE
r-release-windows-x86_64 1.0.1 51.00 88.00 139.00 OK
r-oldrel-macos-arm64 1.0.1 44.00 NOTE
r-oldrel-macos-x86_64 1.0.1 81.00 NOTE
r-oldrel-windows-ix86+x86_64 1.0.1 129.00 87.00 216.00 OK

Check Details

Version: 1.0.1
Check: C++ specification
Result: NOTE
     Specified C++11: please update to current default of C++17
Flavors: r-devel-linux-x86_64-debian-clang, r-devel-linux-x86_64-debian-gcc, r-devel-linux-x86_64-fedora-clang, r-devel-linux-x86_64-fedora-gcc

Version: 1.0.1
Check: installed package size
Result: NOTE
     installed size is 5.7Mb
     sub-directories of 1Mb or more:
     libs 5.6Mb
Flavors: r-release-macos-arm64, r-release-macos-x86_64, r-oldrel-macos-arm64, r-oldrel-macos-x86_64