CRAN Package Check Results for Package nestedLogit

Last updated on 2024-02-26 08:48:51 CET.

Flavor Version Tinstall Tcheck Ttotal Status Flags
r-devel-linux-x86_64-debian-clang 0.3.2 15.16 175.21 190.37 NOTE
r-devel-linux-x86_64-debian-gcc 0.3.2 12.25 128.09 140.34 NOTE
r-devel-linux-x86_64-fedora-clang 0.3.2 226.45 OK
r-devel-linux-x86_64-fedora-gcc 0.3.2 240.85 NOTE
r-devel-windows-x86_64 0.3.2 14.00 144.00 158.00 OK
r-patched-linux-x86_64 0.3.2 12.91 168.36 181.27 OK
r-release-linux-x86_64 0.3.2 14.68 167.40 182.08 OK
r-release-macos-arm64 0.3.2 70.00 OK
r-release-macos-x86_64 0.3.2 171.00 OK
r-release-windows-x86_64 0.3.2 19.00 178.00 197.00 OK
r-oldrel-macos-arm64 0.3.2 76.00 OK
r-oldrel-windows-x86_64 0.3.2 19.00 174.00 193.00 OK

Check Details

Version: 0.3.2
Check: Rd files
Result: NOTE checkRd: (-1) GSS.Rd:17: Lost braces 17 | code{2016}.} | ^ Flavors: r-devel-linux-x86_64-debian-clang, r-devel-linux-x86_64-debian-gcc, r-devel-linux-x86_64-fedora-gcc