Last updated on 2023-01-29 07:56:09 CET.
Flavor | Version | Tinstall | Tcheck | Ttotal | Status | Flags |
---|---|---|---|---|---|---|
r-devel-linux-x86_64-debian-clang | 0.4.4 | 8.51 | 71.50 | 80.01 | OK | |
r-devel-linux-x86_64-debian-gcc | 0.4.4 | 6.58 | 53.36 | 59.94 | OK | |
r-devel-linux-x86_64-fedora-clang | 0.4.4 | 101.36 | OK | |||
r-devel-linux-x86_64-fedora-gcc | 0.4.4 | 100.22 | OK | |||
r-devel-windows-x86_64 | 0.4.4 | 51.00 | 103.00 | 154.00 | OK | |
r-patched-linux-x86_64 | 0.4.4 | 8.84 | 68.19 | 77.03 | OK | |
r-release-linux-x86_64 | 0.4.4 | 9.06 | 67.53 | 76.59 | OK | |
r-release-macos-arm64 | 0.4.4 | 27.00 | NOTE | |||
r-release-macos-x86_64 | 0.4.4 | 42.00 | OK | |||
r-release-windows-x86_64 | 0.4.4 | 43.00 | 101.00 | 144.00 | OK | |
r-oldrel-macos-arm64 | 0.4.4 | 39.00 | OK | |||
r-oldrel-macos-x86_64 | 0.4.4 | 42.00 | OK | |||
r-oldrel-windows-ix86+x86_64 | 0.4.4 | 18.00 | 99.00 | 117.00 | OK |
Version: 0.4.4
Check: package dependencies
Result: NOTE
Package suggested but not available for checking: ‘rhdf5’
Flavor: r-release-macos-arm64