CRAN Package Check Results for Package neonstore

Last updated on 2024-03-02 06:52:02 CET.

Flavor Version Tinstall Tcheck Ttotal Status Flags
r-devel-linux-x86_64-debian-clang 0.5.0 10.19 72.19 82.38 OK
r-devel-linux-x86_64-debian-gcc 0.5.0 5.42 54.21 59.63 OK
r-devel-linux-x86_64-fedora-clang 0.5.0 58.49 OK
r-devel-linux-x86_64-fedora-gcc 0.5.0 95.39 OK
r-devel-windows-x86_64 0.5.0 8.00 75.00 83.00 OK
r-patched-linux-x86_64 0.5.0 9.58 70.52 80.10 OK
r-release-linux-x86_64 0.5.0 6.44 69.64 76.08 OK
r-release-macos-arm64 0.5.0 35.00 NOTE
r-release-macos-x86_64 0.5.0 68.00 NOTE
r-release-windows-x86_64 0.5.0 11.00 85.00 96.00 OK
r-oldrel-macos-arm64 0.5.0 34.00 OK
r-oldrel-windows-x86_64 0.5.0 11.00 85.00 96.00 OK

Check Details

Version: 0.5.0
Check: package dependencies
Result: NOTE Package suggested but not available for checking: ‘rhdf5’ Flavors: r-release-macos-arm64, r-release-macos-x86_64