CRAN Package Check Results for Package ndl

Last updated on 2023-02-09 07:56:55 CET.

Flavor Version Tinstall Tcheck Ttotal Status Flags
r-devel-linux-x86_64-debian-clang 0.2.18 23.39 71.89 95.28 OK
r-devel-linux-x86_64-debian-gcc 0.2.18 21.65 54.73 76.38 OK
r-devel-linux-x86_64-fedora-clang 0.2.18 132.10 NOTE
r-devel-linux-x86_64-fedora-gcc 0.2.18 123.98 NOTE
r-devel-windows-x86_64 0.2.18 43.00 143.00 186.00 OK
r-patched-linux-x86_64 0.2.18 24.07 69.06 93.13 OK
r-release-linux-x86_64 0.2.18 19.83 67.18 87.01 OK
r-release-macos-arm64 0.2.18 41.00 NOTE
r-release-macos-x86_64 0.2.18 63.00 NOTE
r-release-windows-x86_64 0.2.18 43.00 143.00 186.00 OK
r-oldrel-macos-arm64 0.2.18 52.00 NOTE
r-oldrel-macos-x86_64 0.2.18 81.00 NOTE
r-oldrel-windows-ix86+x86_64 0.2.18 69.00 157.00 226.00 OK

Check Details

Version: 0.2.18
Check: data for non-ASCII characters
Result: NOTE
     Note: found 7332 marked UTF-8 strings
Flavors: r-devel-linux-x86_64-fedora-clang, r-devel-linux-x86_64-fedora-gcc, r-release-macos-arm64, r-release-macos-x86_64, r-oldrel-macos-arm64, r-oldrel-macos-x86_64