Last updated on 2023-03-22 05:52:32 CET.
Flavor | Version | Tinstall | Tcheck | Ttotal | Status | Flags |
---|---|---|---|---|---|---|
r-devel-linux-x86_64-debian-clang | 1.21 | 8.80 | 40.57 | 49.37 | OK | |
r-devel-linux-x86_64-debian-gcc | 1.21 | 6.89 | 31.32 | 38.21 | OK | |
r-devel-linux-x86_64-fedora-clang | 1.21 | 65.29 | OK | |||
r-devel-linux-x86_64-fedora-gcc | 1.21 | 60.79 | OK | |||
r-patched-linux-x86_64 | 1.21 | 7.80 | 39.67 | 47.47 | OK | |
r-release-linux-x86_64 | 1.21 | 7.93 | 40.81 | 48.74 | OK | |
r-release-macos-arm64 | 1.21 | 21.00 | NOTE | |||
r-release-macos-x86_64 | 1.21 | 32.00 | NOTE | |||
r-release-windows-x86_64 | 1.21 | 32.00 | 260.00 | 292.00 | NOTE | |
r-oldrel-macos-arm64 | 1.21 | 24.00 | NOTE | |||
r-oldrel-macos-x86_64 | 1.21 | 34.00 | NOTE | |||
r-oldrel-windows-ix86+x86_64 | 1.21 | 24.00 | 95.00 | 119.00 | NOTE |
Version: 1.21
Check: installed package size
Result: NOTE
installed size is 6.0Mb
sub-directories of 1Mb or more:
libs 5.6Mb
Flavors: r-release-macos-arm64, r-release-macos-x86_64, r-release-windows-x86_64, r-oldrel-macos-arm64, r-oldrel-macos-x86_64, r-oldrel-windows-ix86+x86_64