Last updated on 2023-02-05 07:57:29 CET.
Flavor | Version | Tinstall | Tcheck | Ttotal | Status | Flags |
---|---|---|---|---|---|---|
r-devel-linux-x86_64-debian-clang | 2020.8.6 | 3.42 | 80.18 | 83.60 | NOTE | |
r-devel-linux-x86_64-debian-gcc | 2020.8.6 | 2.68 | 52.71 | 55.39 | NOTE | |
r-devel-linux-x86_64-fedora-clang | 2020.8.6 | 96.37 | NOTE | |||
r-devel-linux-x86_64-fedora-gcc | 2020.8.6 | 99.07 | NOTE | |||
r-devel-windows-x86_64 | 2020.8.6 | 23.00 | 224.00 | 247.00 | NOTE | |
r-patched-linux-x86_64 | 2020.8.6 | 2.96 | 67.59 | 70.55 | NOTE | |
r-release-linux-x86_64 | 2020.8.6 | 2.11 | 65.08 | 67.19 | NOTE | |
r-release-macos-arm64 | 2020.8.6 | 28.00 | NOTE | |||
r-release-macos-x86_64 | 2020.8.6 | 43.00 | NOTE | |||
r-release-windows-x86_64 | 2020.8.6 | 27.00 | 211.00 | 238.00 | NOTE | |
r-oldrel-macos-arm64 | 2020.8.6 | 44.00 | NOTE | |||
r-oldrel-macos-x86_64 | 2020.8.6 | 61.00 | NOTE | |||
r-oldrel-windows-ix86+x86_64 | 2020.8.6 | 8.00 | 111.00 | 119.00 | OK |
Version: 2020.8.6
Check: package dependencies
Result: NOTE
Package suggested but not available for checking: ‘re2r’
Flavors: r-devel-linux-x86_64-debian-clang, r-devel-linux-x86_64-debian-gcc, r-devel-linux-x86_64-fedora-clang, r-devel-linux-x86_64-fedora-gcc, r-devel-windows-x86_64, r-patched-linux-x86_64, r-release-linux-x86_64, r-release-macos-arm64, r-release-macos-x86_64, r-release-windows-x86_64, r-oldrel-macos-arm64, r-oldrel-macos-x86_64