CRAN Package Check Results for Package nbfar

Last updated on 2023-09-26 08:04:19 CEST.

Flavor Version Tinstall Tcheck Ttotal Status Flags
r-devel-linux-x86_64-debian-clang 0.1 65.55 86.70 152.25 NOTE
r-devel-linux-x86_64-debian-gcc 0.1 55.79 66.70 122.49 NOTE
r-devel-linux-x86_64-fedora-clang 0.1 203.69 NOTE
r-devel-linux-x86_64-fedora-gcc 0.1 227.05 NOTE
r-devel-windows-x86_64 0.1 51.00 110.00 161.00 NOTE
r-patched-linux-x86_64 0.1 73.41 84.13 157.54 NOTE
r-release-linux-x86_64 0.1 65.85 85.59 151.44 NOTE
r-release-macos-arm64 0.1 68.00 NOTE
r-release-macos-x86_64 0.1 111.00 NOTE
r-release-windows-x86_64 0.1 71.00 122.00 193.00 NOTE
r-oldrel-macos-arm64 0.1 54.00 NOTE
r-oldrel-macos-x86_64 0.1 99.00 NOTE
r-oldrel-windows-x86_64 0.1 67.00 120.00 187.00 OK

Check Details

Version: 0.1
Check: C++ specification
Result: NOTE
     Specified C++11: please drop specification unless essential
Flavors: r-devel-linux-x86_64-debian-clang, r-devel-linux-x86_64-debian-gcc, r-devel-linux-x86_64-fedora-clang, r-devel-linux-x86_64-fedora-gcc, r-devel-windows-x86_64, r-patched-linux-x86_64, r-release-linux-x86_64, r-release-macos-arm64, r-release-macos-x86_64, r-release-windows-x86_64

Version: 0.1
Check: dependencies in R code
Result: NOTE
    Namespaces in Imports field not imported from:
     ‘glmnet’ ‘rrpack’
     All declared Imports should be used.
Flavors: r-devel-linux-x86_64-fedora-clang, r-devel-linux-x86_64-fedora-gcc, r-oldrel-macos-arm64, r-oldrel-macos-x86_64

Version: 0.1
Check: installed package size
Result: NOTE
     installed size is 7.1Mb
     sub-directories of 1Mb or more:
     libs 6.8Mb
Flavors: r-release-macos-arm64, r-release-macos-x86_64, r-oldrel-macos-arm64, r-oldrel-macos-x86_64