CRAN Package Check Results for Package natural

Last updated on 2024-02-26 08:48:51 CET.

Flavor Version Tinstall Tcheck Ttotal Status Flags
r-devel-linux-x86_64-debian-clang 0.9.0 14.16 159.70 173.86 NOTE
r-devel-linux-x86_64-debian-gcc 0.9.0 9.49 132.51 142.00 NOTE
r-devel-linux-x86_64-fedora-clang 0.9.0 199.57 NOTE
r-devel-linux-x86_64-fedora-gcc 0.9.0 230.54 NOTE
r-devel-windows-x86_64 0.9.0 13.00 169.00 182.00 NOTE
r-patched-linux-x86_64 0.9.0 12.94 172.79 185.73 NOTE
r-release-linux-x86_64 0.9.0 11.35 170.30 181.65 NOTE
r-release-macos-arm64 0.9.0 90.00 NOTE
r-release-macos-x86_64 0.9.0 133.00 NOTE
r-release-windows-x86_64 0.9.0 16.00 192.00 208.00 NOTE
r-oldrel-macos-arm64 0.9.0 71.00 NOTE
r-oldrel-windows-x86_64 0.9.0 16.00 191.00 207.00 NOTE

Check Details

Version: 0.9.0
Check: LazyData
Result: NOTE 'LazyData' is specified without a 'data' directory Flavors: r-devel-linux-x86_64-debian-clang, r-devel-linux-x86_64-debian-gcc, r-devel-linux-x86_64-fedora-clang, r-devel-linux-x86_64-fedora-gcc, r-devel-windows-x86_64, r-patched-linux-x86_64, r-release-linux-x86_64, r-release-macos-arm64, r-release-macos-x86_64, r-release-windows-x86_64, r-oldrel-macos-arm64, r-oldrel-windows-x86_64