Last updated on 2023-02-03 06:50:26 CET.
Flavor | Version | Tinstall | Tcheck | Ttotal | Status | Flags |
---|---|---|---|---|---|---|
r-devel-linux-x86_64-debian-clang | 0.5.0 | 6.48 | 139.42 | 145.90 | OK | |
r-devel-linux-x86_64-debian-gcc | 0.5.0 | 6.18 | 102.82 | 109.00 | OK | |
r-devel-linux-x86_64-fedora-clang | 0.5.0 | 178.89 | NOTE | |||
r-devel-linux-x86_64-fedora-gcc | 0.5.0 | 189.97 | NOTE | |||
r-devel-windows-x86_64 | 0.5.0 | 31.00 | 181.00 | 212.00 | OK | |
r-patched-linux-x86_64 | 0.5.0 | 8.03 | 131.38 | 139.41 | OK | |
r-release-linux-x86_64 | 0.5.0 | 6.04 | 129.63 | 135.67 | OK | |
r-release-macos-arm64 | 0.5.0 | 44.00 | NOTE | |||
r-release-macos-x86_64 | 0.5.0 | 76.00 | NOTE | |||
r-release-windows-x86_64 | 0.5.0 | 39.00 | 182.00 | 221.00 | OK | |
r-oldrel-macos-arm64 | 0.5.0 | 48.00 | NOTE | |||
r-oldrel-macos-x86_64 | 0.5.0 | 77.00 | NOTE | |||
r-oldrel-windows-ix86+x86_64 | 0.5.0 | 18.00 | 167.00 | 185.00 | OK |
Version: 0.5.0
Check: data for non-ASCII characters
Result: NOTE
Note: found 5 marked Latin-1 strings
Note: found 7187 marked UTF-8 strings
Flavors: r-devel-linux-x86_64-fedora-clang, r-devel-linux-x86_64-fedora-gcc, r-release-macos-arm64, r-release-macos-x86_64, r-oldrel-macos-arm64, r-oldrel-macos-x86_64