Last updated on 2023-02-03 06:50:26 CET.
Flavor | Version | Tinstall | Tcheck | Ttotal | Status | Flags |
---|---|---|---|---|---|---|
r-devel-linux-x86_64-debian-clang | 1.8.21 | 18.57 | 168.71 | 187.28 | OK | |
r-devel-linux-x86_64-debian-gcc | 1.8.21 | 15.77 | 125.17 | 140.94 | OK | |
r-devel-linux-x86_64-fedora-clang | 1.8.21 | 231.09 | NOTE | |||
r-devel-linux-x86_64-fedora-gcc | 1.8.21 | 259.58 | NOTE | |||
r-devel-windows-x86_64 | 1.8.21 | 171.00 | 313.00 | 484.00 | OK | |
r-patched-linux-x86_64 | 1.8.21 | 29.40 | 154.67 | 184.07 | OK | |
r-release-linux-x86_64 | 1.8.21 | 14.92 | 153.28 | 168.20 | OK | |
r-release-macos-arm64 | 1.8.21 | 70.00 | OK | |||
r-release-macos-x86_64 | 1.8.21 | 82.00 | OK | |||
r-release-windows-x86_64 | 1.8.21 | 96.00 | 240.00 | 336.00 | OK | |
r-oldrel-macos-arm64 | 1.8.21 | 63.00 | OK | |||
r-oldrel-macos-x86_64 | 1.8.21 | 88.00 | OK | |||
r-oldrel-windows-ix86+x86_64 | 1.8.21 | 34.00 | 206.00 | 240.00 | OK |
Version: 1.8.21
Check: for detritus in the temp directory
Result: NOTE
Found the following files/directories:
‘Crashpad’
Flavors: r-devel-linux-x86_64-fedora-clang, r-devel-linux-x86_64-fedora-gcc