CRAN Package Check Results for Package nanotime

Last updated on 2024-02-27 07:54:53 CET.

Flavor Version Tinstall Tcheck Ttotal Status Flags
r-devel-linux-x86_64-debian-clang 0.3.7 85.19 82.67 167.86 NOTE
r-devel-linux-x86_64-debian-gcc 0.3.7 66.50 62.89 129.39 NOTE
r-devel-linux-x86_64-fedora-clang 0.3.7 244.09 NOTE
r-devel-linux-x86_64-fedora-gcc 0.3.7 239.59 NOTE
r-devel-windows-x86_64 0.3.7 61.00 112.00 173.00 NOTE
r-patched-linux-x86_64 0.3.7 84.16 81.46 165.62 NOTE
r-release-linux-x86_64 0.3.7 82.23 80.77 163.00 NOTE
r-release-macos-arm64 0.3.7 66.00 NOTE
r-release-macos-x86_64 0.3.7 117.00 NOTE
r-release-windows-x86_64 0.3.7 80.00 130.00 210.00 NOTE
r-oldrel-macos-arm64 0.3.7 64.00 OK
r-oldrel-windows-x86_64 0.3.7 81.00 119.00 200.00 OK

Check Details

Version: 0.3.7
Check: C++ specification
Result: NOTE Specified C++11: please drop specification unless essential Flavors: r-devel-linux-x86_64-debian-clang, r-devel-linux-x86_64-debian-gcc, r-devel-linux-x86_64-fedora-clang, r-devel-linux-x86_64-fedora-gcc, r-devel-windows-x86_64, r-patched-linux-x86_64, r-release-linux-x86_64, r-release-macos-arm64, r-release-macos-x86_64, r-release-windows-x86_64

Version: 0.3.7
Check: Rd files
Result: NOTE checkRd: (-1) nanoperiod.Rd:268: Lost braces 268 | possible to use the binary operator `code{+}`. Instead the | ^ Flavors: r-devel-linux-x86_64-debian-clang, r-devel-linux-x86_64-debian-gcc, r-devel-linux-x86_64-fedora-clang, r-devel-linux-x86_64-fedora-gcc