CRAN Package Check Results for Package nanoarrow

Last updated on 2024-02-20 09:00:38 CET.

Flavor Version Tinstall Tcheck Ttotal Status Flags
r-devel-linux-x86_64-debian-clang 0.4.0 NOTE
r-devel-linux-x86_64-debian-gcc 0.4.0 12.30 40.02 52.32 OK
r-devel-linux-x86_64-fedora-clang 0.4.0 85.21 NOTE
r-devel-linux-x86_64-fedora-gcc 0.4.0 83.47 OK
r-devel-windows-x86_64 0.4.0 28.00 69.00 97.00 OK
r-patched-linux-x86_64 0.4.0 15.47 51.81 67.28 OK
r-release-linux-x86_64 0.4.0 15.80 50.93 66.73 OK
r-release-macos-arm64 0.4.0 40.00 OK
r-release-macos-x86_64 0.4.0 113.00 OK
r-release-windows-x86_64 0.4.0 31.00 78.00 109.00 OK
r-oldrel-macos-arm64 0.4.0 36.00 OK
r-oldrel-windows-x86_64 0.4.0 24.00 76.00 100.00 OK

Check Details

Version: 0.4.0
Check: package dependencies
Result: NOTE Package suggested but not available for checking: ‘arrow’ Flavors: r-devel-linux-x86_64-debian-clang, r-devel-linux-x86_64-fedora-clang