Last updated on 2023-01-29 07:56:09 CET.
Flavor | Version | Tinstall | Tcheck | Ttotal | Status | Flags |
---|---|---|---|---|---|---|
r-devel-linux-x86_64-debian-clang | 0.4.5 | 7.03 | 108.67 | 115.70 | OK | |
r-devel-linux-x86_64-debian-gcc | 0.4.5 | 4.96 | 85.33 | 90.29 | OK | |
r-devel-linux-x86_64-fedora-clang | 0.4.5 | 138.63 | NOTE | |||
r-devel-linux-x86_64-fedora-gcc | 0.4.5 | 148.58 | OK | |||
r-devel-windows-x86_64 | 0.4.5 | 25.00 | 171.00 | 196.00 | NOTE | |
r-patched-linux-x86_64 | 0.4.5 | 5.43 | 105.33 | 110.76 | OK | |
r-release-linux-x86_64 | 0.4.5 | 6.39 | 105.59 | 111.98 | OK | |
r-release-macos-arm64 | 0.4.5 | 63.00 | NOTE | |||
r-release-macos-x86_64 | 0.4.5 | 113.00 | NOTE | |||
r-release-windows-x86_64 | 0.4.5 | 28.00 | 167.00 | 195.00 | NOTE | |
r-oldrel-macos-arm64 | 0.4.5 | 85.00 | NOTE | |||
r-oldrel-macos-x86_64 | 0.4.5 | 69.00 | NOTE | |||
r-oldrel-windows-ix86+x86_64 | 0.4.5 | 16.00 | 158.00 | 174.00 | NOTE |
Version: 0.4.5
Check: installed package size
Result: NOTE
installed size is 6.4Mb
sub-directories of 1Mb or more:
doc 5.4Mb
Flavors: r-devel-linux-x86_64-fedora-clang, r-devel-windows-x86_64, r-release-macos-arm64, r-release-macos-x86_64, r-release-windows-x86_64, r-oldrel-macos-arm64, r-oldrel-macos-x86_64, r-oldrel-windows-ix86+x86_64