CRAN Package Check Results for Package mvrsquared

Last updated on 2023-01-31 07:54:18 CET.

Flavor Version Tinstall Tcheck Ttotal Status Flags
r-devel-linux-x86_64-debian-clang 0.1.4 44.77 87.28 132.05 OK
r-devel-linux-x86_64-debian-gcc 0.1.4 36.10 67.02 103.12 NOTE
r-devel-linux-x86_64-fedora-clang 0.1.4 176.83 NOTE
r-devel-linux-x86_64-fedora-gcc 0.1.4 193.46 NOTE
r-devel-windows-x86_64 0.1.4 54.00 143.00 197.00 NOTE
r-patched-linux-x86_64 0.1.4 41.13 85.86 126.99 OK
r-release-linux-x86_64 0.1.4 39.90 86.26 126.16 OK
r-release-macos-arm64 0.1.4 43.00 OK
r-release-macos-x86_64 0.1.4 68.00 OK
r-release-windows-x86_64 0.1.4 53.00 144.00 197.00 OK
r-oldrel-macos-arm64 0.1.4 35.00 OK
r-oldrel-macos-x86_64 0.1.4 62.00 OK
r-oldrel-windows-ix86+x86_64 0.1.4 105.00 155.00 260.00 OK

Check Details

Version: 0.1.4
Check: C++ specification
Result: NOTE
     Specified C++11: please update to current default of C++17
Flavors: r-devel-linux-x86_64-debian-gcc, r-devel-linux-x86_64-fedora-clang, r-devel-linux-x86_64-fedora-gcc, r-devel-windows-x86_64