Last updated on 2023-01-28 08:00:40 CET.
Flavor | Version | Tinstall | Tcheck | Ttotal | Status | Flags |
---|---|---|---|---|---|---|
r-devel-linux-x86_64-debian-clang | 1.0-12 | 36.18 | 191.99 | 228.17 | OK | |
r-devel-linux-x86_64-debian-gcc | 1.0-12 | 30.41 | 141.61 | 172.02 | NOTE | |
r-devel-linux-x86_64-fedora-clang | 1.0-12 | 284.47 | NOTE | |||
r-devel-linux-x86_64-fedora-gcc | 1.0-12 | 308.04 | NOTE | |||
r-patched-linux-x86_64 | 1.0-12 | 32.83 | 189.85 | 222.68 | OK | |
r-release-linux-x86_64 | 1.0-12 | 24.01 | 195.66 | 219.67 | OK | |
r-release-macos-arm64 | 1.0-12 | 59.00 | OK | |||
r-release-macos-x86_64 | 1.0-12 | 102.00 | OK | |||
r-release-windows-x86_64 | 1.0-12 | 51.00 | 252.00 | 303.00 | OK | |
r-oldrel-macos-arm64 | 1.0-12 | 53.00 | OK | |||
r-oldrel-macos-x86_64 | 1.0-12 | 80.00 | OK | |||
r-oldrel-windows-ix86+x86_64 | 1.0-12 | 82.00 | 346.00 | 428.00 | OK |
Version: 1.0-12
Check: C++ specification
Result: NOTE
Specified C++11: please update to current default of C++17
Flavors: r-devel-linux-x86_64-debian-gcc, r-devel-linux-x86_64-fedora-clang, r-devel-linux-x86_64-fedora-gcc