CRAN Package Check Results for Package mvnfast

Last updated on 2023-02-04 08:01:22 CET.

Flavor Version Tinstall Tcheck Ttotal Status Flags
r-devel-linux-x86_64-debian-clang 0.2.7 124.39 118.62 243.01 NOTE
r-devel-linux-x86_64-debian-gcc 0.2.7 90.51 92.04 182.55 NOTE
r-devel-linux-x86_64-fedora-clang 0.2.7 332.90 NOTE
r-devel-linux-x86_64-fedora-gcc 0.2.7 318.05 NOTE
r-devel-windows-x86_64 0.2.7 101.00 138.00 239.00 NOTE
r-patched-linux-x86_64 0.2.7 101.94 105.84 207.78 OK
r-release-linux-x86_64 0.2.7 94.77 122.50 217.27 OK
r-release-macos-arm64 0.2.7 80.00 OK
r-release-macos-x86_64 0.2.7 107.00 OK
r-release-windows-x86_64 0.2.7 104.00 183.00 287.00 OK
r-oldrel-macos-arm64 0.2.7 109.00 OK
r-oldrel-macos-x86_64 0.2.7 188.00 OK
r-oldrel-windows-ix86+x86_64 0.2.7 301.00 163.00 464.00 OK

Check Details

Version: 0.2.7
Check: C++ specification
Result: NOTE
     Specified C++11: please update to current default of C++17
Flavors: r-devel-linux-x86_64-debian-clang, r-devel-linux-x86_64-debian-gcc, r-devel-linux-x86_64-fedora-clang, r-devel-linux-x86_64-fedora-gcc, r-devel-windows-x86_64