Last updated on 2023-01-31 07:54:18 CET.
Flavor | Version | Tinstall | Tcheck | Ttotal | Status | Flags |
---|---|---|---|---|---|---|
r-devel-linux-x86_64-debian-clang | 0.1-10 | 4.99 | 214.79 | 219.78 | OK | |
r-devel-linux-x86_64-debian-gcc | 0.1-10 | 3.33 | 156.36 | 159.69 | OK | |
r-devel-linux-x86_64-fedora-clang | 0.1-10 | 260.44 | NOTE | |||
r-devel-linux-x86_64-fedora-gcc | 0.1-10 | 250.40 | OK | |||
r-devel-windows-x86_64 | 0.1-10 | 12.00 | 269.00 | 281.00 | OK | |
r-patched-linux-x86_64 | 0.1-10 | 4.49 | 206.16 | 210.65 | OK | |
r-release-linux-x86_64 | 0.1-10 | 3.76 | 207.10 | 210.86 | OK | |
r-release-macos-arm64 | 0.1-10 | 69.00 | OK | |||
r-release-macos-x86_64 | 0.1-10 | 94.00 | OK | |||
r-release-windows-x86_64 | 0.1-10 | 14.00 | 277.00 | 291.00 | OK | |
r-oldrel-macos-arm64 | 0.1-10 | 89.00 | OK | |||
r-oldrel-macos-x86_64 | 0.1-10 | 140.00 | OK | |||
r-oldrel-windows-ix86+x86_64 | 0.1-10 | 10.00 | 286.00 | 296.00 | OK |
Version: 0.1-10
Check: Rd cross-references
Result: NOTE
Undeclared package ‘sampleSelection’ in Rd xrefs
Flavor: r-devel-linux-x86_64-fedora-clang