CRAN Package Check Results for Package mvProbit

Last updated on 2024-03-02 06:52:02 CET.

Flavor Version Tinstall Tcheck Ttotal Status Flags
r-devel-linux-x86_64-debian-clang 0.1-10 3.31 219.81 223.12 OK
r-devel-linux-x86_64-debian-gcc 0.1-10 3.70 161.51 165.21 OK
r-devel-linux-x86_64-fedora-clang 0.1-10 266.26 NOTE
r-devel-linux-x86_64-fedora-gcc 0.1-10 265.55 OK
r-devel-windows-x86_64 0.1-10 5.00 178.00 183.00 OK
r-patched-linux-x86_64 0.1-10 5.03 219.15 224.18 OK
r-release-linux-x86_64 0.1-10 4.89 221.11 226.00 OK
r-release-macos-arm64 0.1-10 76.00 OK
r-release-macos-x86_64 0.1-10 151.00 NOTE
r-release-windows-x86_64 0.1-10 6.00 232.00 238.00 OK
r-oldrel-macos-arm64 0.1-10 69.00 OK
r-oldrel-windows-x86_64 0.1-10 6.00 240.00 246.00 OK

Check Details

Version: 0.1-10
Check: Rd cross-references
Result: NOTE Undeclared package ‘sampleSelection’ in Rd xrefs Flavor: r-devel-linux-x86_64-fedora-clang

Version: 0.1-10
Check: Rd cross-references
Result: NOTE Package unavailable to check Rd xrefs: ‘sampleSelection’ Flavor: r-release-macos-x86_64