CRAN Package Check Results for Package multiwayvcov

Last updated on 2023-02-02 06:54:59 CET.

Flavor Version Tinstall Tcheck Ttotal Status Flags
r-devel-linux-x86_64-debian-clang 1.2.3 2.47 28.37 30.84 OK
r-devel-linux-x86_64-debian-gcc 1.2.3 2.19 22.04 24.23 OK
r-devel-linux-x86_64-fedora-clang 1.2.3 40.29 NOTE
r-devel-linux-x86_64-fedora-gcc 1.2.3 38.59 OK
r-patched-linux-x86_64 1.2.3 2.21 28.20 30.41 OK
r-release-linux-x86_64 1.2.3 2.43 27.94 30.37 OK
r-release-macos-arm64 1.2.3 17.00 OK
r-release-macos-x86_64 1.2.3 25.00 OK
r-release-windows-x86_64 1.2.3 8.00 60.00 68.00 OK
r-oldrel-macos-arm64 1.2.3 24.00 OK
r-oldrel-macos-x86_64 1.2.3 30.00 OK
r-oldrel-windows-ix86+x86_64 1.2.3 7.00 54.00 61.00 OK

Check Details

Version: 1.2.3
Check: Rd cross-references
Result: NOTE
    Undeclared package ‘lfe’ in Rd xrefs
Flavor: r-devel-linux-x86_64-fedora-clang