Last updated on 2023-09-26 08:04:18 CEST.
Flavor | Version | Tinstall | Tcheck | Ttotal | Status | Flags |
---|---|---|---|---|---|---|
r-devel-linux-x86_64-debian-clang | 1.2 | 161.54 | 80.02 | 241.56 | OK | |
r-devel-linux-x86_64-debian-gcc | 1.2 | 116.72 | 58.63 | 175.35 | OK | |
r-devel-linux-x86_64-fedora-clang | 1.2 | 324.54 | OK | |||
r-devel-linux-x86_64-fedora-gcc | 1.2 | 342.79 | OK | |||
r-devel-windows-x86_64 | 1.2 | 115.00 | 96.00 | 211.00 | OK | |
r-patched-linux-x86_64 | 1.2 | 108.27 | 76.79 | 185.06 | OK | |
r-release-linux-x86_64 | 1.2 | 111.65 | 76.08 | 187.73 | OK | |
r-release-macos-arm64 | 1.2 | 80.00 | NOTE | |||
r-release-macos-x86_64 | 1.2 | 136.00 | NOTE | |||
r-release-windows-x86_64 | 1.2 | 150.00 | 117.00 | 267.00 | OK | |
r-oldrel-macos-arm64 | 1.2 | 71.00 | NOTE | |||
r-oldrel-macos-x86_64 | 1.2 | 97.00 | NOTE | |||
r-oldrel-windows-x86_64 | 1.2 | 141.00 | 110.00 | 251.00 | OK |
Version: 1.2
Check: installed package size
Result: NOTE
installed size is 11.5Mb
sub-directories of 1Mb or more:
libs 10.4Mb
Flavors: r-release-macos-arm64, r-release-macos-x86_64, r-oldrel-macos-arm64, r-oldrel-macos-x86_64